{"id":335590,"date":"2025-08-20T13:09:26","date_gmt":"2025-08-20T16:09:26","guid":{"rendered":"https:\/\/www.livrariarema.com.br\/loja\/produtos\/sem categoria\/livro-adesivos-maravilhas-marinhas-de-deus-livro-de-atividades\/"},"modified":"2026-01-09T17:51:13","modified_gmt":"2026-01-09T20:51:13","slug":"livro-adesivos-maravilhas-marinhas-de-deus-livro-de-atividades","status":"publish","type":"product","link":"https:\/\/www.livrariarema.com.br\/loja\/produtos\/livros\/didatico\/livro-adesivos-maravilhas-marinhas-de-deus-livro-de-atividades\/","title":{"rendered":"Livro Adesivos &#8211; Maravilhas Marinhas De Deus &#8211; Livro De Atividades"},"content":{"rendered":"<p>Mergulhe nesta aventura aqu\u00e1tica e conhe\u00e7a criaturas fascinantes criadas por Deus. Pinte, rabisque, desenhe e encante-se com as belas passagens b\u00edblicas que acompanham as atividades. Em seguida, destaque as figuras no final do livro para criar cen\u00e1rios<\/p>\n","protected":false},"excerpt":{"rendered":"<p>Mergulhe nesta aventura aqu\u00e1tica e conhe\u00e7a criaturas fascinantes criadas por Deus. Pinte, rabisque, desenhe e encante-se com as belas passagens&hellip;<\/p>\n","protected":false},"featured_media":341219,"comment_status":"open","ping_status":"closed","template":"","meta":[],"product_cat":[185,134],"product_tag":[],"_links":{"self":[{"href":"https:\/\/www.livrariarema.com.br\/loja\/wp-json\/wp\/v2\/product\/335590"}],"collection":[{"href":"https:\/\/www.livrariarema.com.br\/loja\/wp-json\/wp\/v2\/product"}],"about":[{"href":"https:\/\/www.livrariarema.com.br\/loja\/wp-json\/wp\/v2\/types\/product"}],"replies":[{"embeddable":true,"href":"https:\/\/www.livrariarema.com.br\/loja\/wp-json\/wp\/v2\/comments?post=335590"}],"wp:featuredmedia":[{"embeddable":true,"href":"https:\/\/www.livrariarema.com.br\/loja\/wp-json\/wp\/v2\/media\/341219"}],"wp:attachment":[{"href":"https:\/\/www.livrariarema.com.br\/loja\/wp-json\/wp\/v2\/media?parent=335590"}],"wp:term":[{"taxonomy":"product_cat","embeddable":true,"href":"https:\/\/www.livrariarema.com.br\/loja\/wp-json\/wp\/v2\/product_cat?post=335590"},{"taxonomy":"product_tag","embeddable":true,"href":"https:\/\/www.livrariarema.com.br\/loja\/wp-json\/wp\/v2\/product_tag?post=335590"}],"curies":[{"name":"wp","href":"https:\/\/api.w.org\/{rel}","templated":true}]}}