{"id":335601,"date":"2025-08-20T13:10:23","date_gmt":"2025-08-20T16:10:23","guid":{"rendered":"https:\/\/www.livrariarema.com.br\/loja\/produtos\/sem categoria\/bolsa-de-historias-minha-biblia-brilhante\/"},"modified":"2025-09-03T13:00:27","modified_gmt":"2025-09-03T16:00:27","slug":"bolsa-de-historias-minha-biblia-brilhante","status":"publish","type":"product","link":"https:\/\/www.livrariarema.com.br\/loja\/produtos\/livros\/infantil\/bolsa-de-historias-minha-biblia-brilhante\/","title":{"rendered":"Bolsa De Hist\u00f3rias &#8211; Minha B\u00edblia Brilhante"},"content":{"rendered":"<p>Embarque com No\u00e9, seja valente como Davi e maravilhe-se com os milagres de Jesus ao ler as hist\u00f3rias b\u00edblicas.<\/p>\n","protected":false},"excerpt":{"rendered":"<p>Embarque com No\u00e9, seja valente como Davi e maravilhe-se com os milagres de Jesus ao ler as hist\u00f3rias b\u00edblicas.<\/p>\n","protected":false},"featured_media":335600,"comment_status":"open","ping_status":"closed","template":"","meta":[],"product_cat":[144,134],"product_tag":[],"_links":{"self":[{"href":"https:\/\/www.livrariarema.com.br\/loja\/wp-json\/wp\/v2\/product\/335601"}],"collection":[{"href":"https:\/\/www.livrariarema.com.br\/loja\/wp-json\/wp\/v2\/product"}],"about":[{"href":"https:\/\/www.livrariarema.com.br\/loja\/wp-json\/wp\/v2\/types\/product"}],"replies":[{"embeddable":true,"href":"https:\/\/www.livrariarema.com.br\/loja\/wp-json\/wp\/v2\/comments?post=335601"}],"wp:featuredmedia":[{"embeddable":true,"href":"https:\/\/www.livrariarema.com.br\/loja\/wp-json\/wp\/v2\/media\/335600"}],"wp:attachment":[{"href":"https:\/\/www.livrariarema.com.br\/loja\/wp-json\/wp\/v2\/media?parent=335601"}],"wp:term":[{"taxonomy":"product_cat","embeddable":true,"href":"https:\/\/www.livrariarema.com.br\/loja\/wp-json\/wp\/v2\/product_cat?post=335601"},{"taxonomy":"product_tag","embeddable":true,"href":"https:\/\/www.livrariarema.com.br\/loja\/wp-json\/wp\/v2\/product_tag?post=335601"}],"curies":[{"name":"wp","href":"https:\/\/api.w.org\/{rel}","templated":true}]}}