{"id":335606,"date":"2025-08-20T13:10:45","date_gmt":"2025-08-20T16:10:45","guid":{"rendered":"https:\/\/www.livrariarema.com.br\/loja\/produtos\/sem categoria\/almofadado-medio-101-devocionais-5-minutos-de-reflexao-biblica\/"},"modified":"2026-04-27T18:30:23","modified_gmt":"2026-04-27T21:30:23","slug":"almofadado-medio-101-devocionais-5-minutos-de-reflexao-biblica","status":"publish","type":"product","link":"https:\/\/www.livrariarema.com.br\/loja\/produtos\/livros\/infantil\/almofadado-medio-101-devocionais-5-minutos-de-reflexao-biblica\/","title":{"rendered":"Almofadado M\u00e9dio &#8211; 101 Devocionais &#8211; 5 Minutos De Reflex\u00e3o B\u00edblica"},"content":{"rendered":"<p>Com este livro de devocionais, as crian\u00e7as poder\u00e3o se aproximar ainda mais de Deus. Explore 101 situa\u00e7\u00f5es do dia a dia e reflita com os pequeninos sobre como Deus \u00e9, como Ele cuida delas e como Ele deseja que elas vivam. Com lindas ilustra\u00e7\u00f5es e temas interessantes, o livro traz ora\u00e7\u00f5es simples e sugest\u00f5es de passagens da B\u00edblia para serem lidas em fam\u00edlia.<\/p>\n","protected":false},"excerpt":{"rendered":"<p>Com este livro de devocionais, as crian\u00e7as poder\u00e3o se aproximar ainda mais de Deus. Explore 101 situa\u00e7\u00f5es do dia a&hellip;<\/p>\n","protected":false},"featured_media":346509,"comment_status":"open","ping_status":"closed","template":"","meta":[],"product_cat":[144,134],"product_tag":[],"_links":{"self":[{"href":"https:\/\/www.livrariarema.com.br\/loja\/wp-json\/wp\/v2\/product\/335606"}],"collection":[{"href":"https:\/\/www.livrariarema.com.br\/loja\/wp-json\/wp\/v2\/product"}],"about":[{"href":"https:\/\/www.livrariarema.com.br\/loja\/wp-json\/wp\/v2\/types\/product"}],"replies":[{"embeddable":true,"href":"https:\/\/www.livrariarema.com.br\/loja\/wp-json\/wp\/v2\/comments?post=335606"}],"wp:featuredmedia":[{"embeddable":true,"href":"https:\/\/www.livrariarema.com.br\/loja\/wp-json\/wp\/v2\/media\/346509"}],"wp:attachment":[{"href":"https:\/\/www.livrariarema.com.br\/loja\/wp-json\/wp\/v2\/media?parent=335606"}],"wp:term":[{"taxonomy":"product_cat","embeddable":true,"href":"https:\/\/www.livrariarema.com.br\/loja\/wp-json\/wp\/v2\/product_cat?post=335606"},{"taxonomy":"product_tag","embeddable":true,"href":"https:\/\/www.livrariarema.com.br\/loja\/wp-json\/wp\/v2\/product_tag?post=335606"}],"curies":[{"name":"wp","href":"https:\/\/api.w.org\/{rel}","templated":true}]}}