{"id":335624,"date":"2025-08-20T13:11:58","date_gmt":"2025-08-20T16:11:58","guid":{"rendered":"https:\/\/www.livrariarema.com.br\/loja\/produtos\/sem categoria\/almofadado-historias-biblicas-com-alca-jonas-e-o-grande-peixe\/"},"modified":"2026-04-02T15:40:55","modified_gmt":"2026-04-02T18:40:55","slug":"almofadado-historias-biblicas-com-alca-jonas-e-o-grande-peixe","status":"publish","type":"product","link":"https:\/\/www.livrariarema.com.br\/loja\/produtos\/livros\/infantil\/almofadado-historias-biblicas-com-alca-jonas-e-o-grande-peixe\/","title":{"rendered":"Almofadado &#8211; Hist\u00f3rias B\u00edblicas Com Al\u00e7a &#8211; Jonas E O Grande Peixe"},"content":{"rendered":"<p>Junte-se a Jonas em uma jornada importante enquanto ele \u00e9 jogado de um barco e engolido por um peixe grande! Este livro emocionante tem uma ora\u00e7\u00e3o para compartilhar e toques divertidos para explorar. Ah&#8230; e ainda seu pequeno pode levar para onde quiser, pois possui uma al\u00e7a como uma maleta ou seja s\u00e3o hist\u00f3rias b\u00edblicas com al\u00e7a!<\/p>\n","protected":false},"excerpt":{"rendered":"<p>Junte-se a Jonas em uma jornada importante enquanto ele \u00e9 jogado de um barco e engolido por um peixe grande!&hellip;<\/p>\n","protected":false},"featured_media":346536,"comment_status":"open","ping_status":"closed","template":"","meta":[],"product_cat":[144,134],"product_tag":[],"_links":{"self":[{"href":"https:\/\/www.livrariarema.com.br\/loja\/wp-json\/wp\/v2\/product\/335624"}],"collection":[{"href":"https:\/\/www.livrariarema.com.br\/loja\/wp-json\/wp\/v2\/product"}],"about":[{"href":"https:\/\/www.livrariarema.com.br\/loja\/wp-json\/wp\/v2\/types\/product"}],"replies":[{"embeddable":true,"href":"https:\/\/www.livrariarema.com.br\/loja\/wp-json\/wp\/v2\/comments?post=335624"}],"wp:featuredmedia":[{"embeddable":true,"href":"https:\/\/www.livrariarema.com.br\/loja\/wp-json\/wp\/v2\/media\/346536"}],"wp:attachment":[{"href":"https:\/\/www.livrariarema.com.br\/loja\/wp-json\/wp\/v2\/media?parent=335624"}],"wp:term":[{"taxonomy":"product_cat","embeddable":true,"href":"https:\/\/www.livrariarema.com.br\/loja\/wp-json\/wp\/v2\/product_cat?post=335624"},{"taxonomy":"product_tag","embeddable":true,"href":"https:\/\/www.livrariarema.com.br\/loja\/wp-json\/wp\/v2\/product_tag?post=335624"}],"curies":[{"name":"wp","href":"https:\/\/api.w.org\/{rel}","templated":true}]}}