{"id":335748,"date":"2025-08-20T13:27:54","date_gmt":"2025-08-20T16:27:54","guid":{"rendered":"https:\/\/www.livrariarema.com.br\/loja\/produtos\/sem categoria\/quarto-mal-assombrado-o-a-l-o-e\/"},"modified":"2026-05-07T17:40:04","modified_gmt":"2026-05-07T20:40:04","slug":"quarto-mal-assombrado-o-a-l-o-e","status":"publish","type":"product","link":"https:\/\/www.livrariarema.com.br\/loja\/produtos\/livros\/juvenil\/quarto-mal-assombrado-o-a-l-o-e\/","title":{"rendered":"Quarto Mal-Assombrado, O &#8211; A.L.O.E."},"content":{"rendered":"<p>Os irm\u00e3os Trevor nunca mais ser\u00e3o os mesmos quando passarem a morar em Myst Court e deixarem sua confort\u00e1vel resid\u00eancia. A casa rec\u00e9m-herdada \u00e9 grandiosa, mas sombria, negligenciada e, segundo rumores, assombrada. Antes de deixarem a Summer Villa, seu tio os adverte de que n\u00e3o \u00e9 contra os quartos mal-assombrados da casa que eles precisam ter cuidado, mas sim contra o que est\u00e1 escondido nas profundezas dos quartos assombrados de seus pr\u00f3prios cora\u00e7\u00f5es. Exponha as c\u00e2maras secretas de seu cora\u00e7\u00e3o onde o orgulho, o medo ou o mundanismo podem estar residindo e liberte-se de seu dom\u00ednio tenaz!<\/p>\n<p>Sobre tudo o que se deve guardar, guarda o cora\u00e7\u00e3o, porque dele procedem as fontes da vida. (Prov\u00e9rbios 4.23)<\/p>\n","protected":false},"excerpt":{"rendered":"<p>Os irm\u00e3os Trevor nunca mais ser\u00e3o os mesmos quando passarem a morar em Myst Court e deixarem sua confort\u00e1vel resid\u00eancia.&hellip;<\/p>\n","protected":false},"featured_media":335944,"comment_status":"open","ping_status":"closed","template":"","meta":[],"product_cat":[184,134],"product_tag":[],"_links":{"self":[{"href":"https:\/\/www.livrariarema.com.br\/loja\/wp-json\/wp\/v2\/product\/335748"}],"collection":[{"href":"https:\/\/www.livrariarema.com.br\/loja\/wp-json\/wp\/v2\/product"}],"about":[{"href":"https:\/\/www.livrariarema.com.br\/loja\/wp-json\/wp\/v2\/types\/product"}],"replies":[{"embeddable":true,"href":"https:\/\/www.livrariarema.com.br\/loja\/wp-json\/wp\/v2\/comments?post=335748"}],"wp:featuredmedia":[{"embeddable":true,"href":"https:\/\/www.livrariarema.com.br\/loja\/wp-json\/wp\/v2\/media\/335944"}],"wp:attachment":[{"href":"https:\/\/www.livrariarema.com.br\/loja\/wp-json\/wp\/v2\/media?parent=335748"}],"wp:term":[{"taxonomy":"product_cat","embeddable":true,"href":"https:\/\/www.livrariarema.com.br\/loja\/wp-json\/wp\/v2\/product_cat?post=335748"},{"taxonomy":"product_tag","embeddable":true,"href":"https:\/\/www.livrariarema.com.br\/loja\/wp-json\/wp\/v2\/product_tag?post=335748"}],"curies":[{"name":"wp","href":"https:\/\/api.w.org\/{rel}","templated":true}]}}