{"id":335766,"date":"2025-08-20T13:29:37","date_gmt":"2025-08-20T16:29:37","guid":{"rendered":"https:\/\/www.livrariarema.com.br\/loja\/produtos\/sem%20categoria\/peregrino-para-jovens-o-john-bunyan\/"},"modified":"2026-04-29T11:30:31","modified_gmt":"2026-04-29T14:30:31","slug":"peregrino-para-jovens-o-john-bunyan","status":"publish","type":"product","link":"https:\/\/www.livrariarema.com.br\/loja\/produtos\/livros\/ficcao\/peregrino-para-jovens-o-john-bunyan\/","title":{"rendered":"Peregrino Para Jovens, O &#8211; John Bunyan"},"content":{"rendered":"<p>Crist\u00e3o carrega um fardo nas costas. Angustiado com o destino de sua alma, ele decide deixar sua cidade, sua fam\u00edlia e tudo o que conhece para embarcar numa jornada em dire\u00e7\u00e3o \u00e0 Cidade Celestial. Pelo caminho, ele enfrentar\u00e1 perigos, tenta\u00e7\u00f5es, d\u00favidas e gigantes &#8211; mas tamb\u00e9m encontrar\u00e1 aliados, esperan\u00e7a e f\u00e9. Escrito h\u00e1 mais de 300 anos, &#8220;O peregrino&#8221; \u00e9 um dos maiores cl\u00e1ssicos da literatura crist\u00e3. Agora adaptado especialmente para jovens leitores, este livro mant\u00e9m a beleza e a for\u00e7a da mensagem original, mas com uma linguagem mais simples e acess\u00edvel. A hist\u00f3ria do peregrino continua viva &#8211; e pode falar diretamente com voc\u00ea.<\/p>\n","protected":false},"excerpt":{"rendered":"<p>Crist\u00e3o carrega um fardo nas costas. Angustiado com o destino de sua alma, ele decide deixar sua cidade, sua fam\u00edlia&hellip;<\/p>\n","protected":false},"featured_media":346680,"comment_status":"open","ping_status":"closed","template":"","meta":[],"product_cat":[162,134],"product_tag":[],"_links":{"self":[{"href":"https:\/\/www.livrariarema.com.br\/loja\/wp-json\/wp\/v2\/product\/335766"}],"collection":[{"href":"https:\/\/www.livrariarema.com.br\/loja\/wp-json\/wp\/v2\/product"}],"about":[{"href":"https:\/\/www.livrariarema.com.br\/loja\/wp-json\/wp\/v2\/types\/product"}],"replies":[{"embeddable":true,"href":"https:\/\/www.livrariarema.com.br\/loja\/wp-json\/wp\/v2\/comments?post=335766"}],"wp:featuredmedia":[{"embeddable":true,"href":"https:\/\/www.livrariarema.com.br\/loja\/wp-json\/wp\/v2\/media\/346680"}],"wp:attachment":[{"href":"https:\/\/www.livrariarema.com.br\/loja\/wp-json\/wp\/v2\/media?parent=335766"}],"wp:term":[{"taxonomy":"product_cat","embeddable":true,"href":"https:\/\/www.livrariarema.com.br\/loja\/wp-json\/wp\/v2\/product_cat?post=335766"},{"taxonomy":"product_tag","embeddable":true,"href":"https:\/\/www.livrariarema.com.br\/loja\/wp-json\/wp\/v2\/product_tag?post=335766"}],"curies":[{"name":"wp","href":"https:\/\/api.w.org\/{rel}","templated":true}]}}