{"id":335851,"date":"2025-08-20T14:19:26","date_gmt":"2025-08-20T17:19:26","guid":{"rendered":"https:\/\/www.livrariarema.com.br\/loja\/produtos\/sem categoria\/mutualidade-a-parceria-no-casamento-clarice-ebert\/"},"modified":"2025-11-05T08:37:23","modified_gmt":"2025-11-05T11:37:23","slug":"mutualidade-a-parceria-no-casamento-clarice-ebert","status":"publish","type":"product","link":"https:\/\/www.livrariarema.com.br\/loja\/produtos\/livros\/casamento\/mutualidade-a-parceria-no-casamento-clarice-ebert\/","title":{"rendered":"Mutualidade &#8211; A Parceria No Casamento &#8211; Clarice Ebert"},"content":{"rendered":"<p>QUAL \u00c9 O SEGREDO PARA UM CASAMENTO ABEN\u00c7OADO POR DEUS?<\/p>\n<p>Casamento n\u00e3o \u00e9 apenas sobre conviv\u00eancia, mas sobre parceria. Quando marido e esposa se enxergam como protagonistas de uma rela\u00e7\u00e3o fundamentada no respeito, no amor e na constru\u00e7\u00e3o conjunta, a uni\u00e3o se torna mais do que uma simples troca: ela se transforma em um v\u00ednculo profundo e significativo.<br \/>\nNeste livro, Clarice Ebert e um grupo de especialistas apaixonados pelo tema oferecem uma vis\u00e3o enriquecedora sobre a mutualidade no casamento, explorando como ela impacta a comunica\u00e7\u00e3o, a sexualidade, a vida espiritual, a gest\u00e3o familiar e a harmonia das diferen\u00e7as. Com base na Psicologia e na Teologia, os autores trazem reflex\u00f5es instigantes e exemplos pr\u00e1ticos que ajudam casais a desenvolver uma conex\u00e3o mais aut\u00eantica e satisfat\u00f3ria.<br \/>\nSe voc\u00ea deseja fortalecer sua rela\u00e7\u00e3o e descobrir como o casamento pode ser vivido com mais leveza, cumplicidade, prop\u00f3sito, mas principalmente para glorificar a Deus, esta leitura \u00e9 para voc\u00ea.<br \/>\nUm convite para quem quer construir, a dois, uma hist\u00f3ria cheia de vida e sentido.<\/p>\n","protected":false},"excerpt":{"rendered":"<p>QUAL \u00c9 O SEGREDO PARA UM CASAMENTO ABEN\u00c7OADO POR DEUS? Casamento n\u00e3o \u00e9 apenas sobre conviv\u00eancia, mas sobre parceria. Quando&hellip;<\/p>\n","protected":false},"featured_media":335850,"comment_status":"open","ping_status":"closed","template":"","meta":[],"product_cat":[155,134],"product_tag":[],"_links":{"self":[{"href":"https:\/\/www.livrariarema.com.br\/loja\/wp-json\/wp\/v2\/product\/335851"}],"collection":[{"href":"https:\/\/www.livrariarema.com.br\/loja\/wp-json\/wp\/v2\/product"}],"about":[{"href":"https:\/\/www.livrariarema.com.br\/loja\/wp-json\/wp\/v2\/types\/product"}],"replies":[{"embeddable":true,"href":"https:\/\/www.livrariarema.com.br\/loja\/wp-json\/wp\/v2\/comments?post=335851"}],"wp:featuredmedia":[{"embeddable":true,"href":"https:\/\/www.livrariarema.com.br\/loja\/wp-json\/wp\/v2\/media\/335850"}],"wp:attachment":[{"href":"https:\/\/www.livrariarema.com.br\/loja\/wp-json\/wp\/v2\/media?parent=335851"}],"wp:term":[{"taxonomy":"product_cat","embeddable":true,"href":"https:\/\/www.livrariarema.com.br\/loja\/wp-json\/wp\/v2\/product_cat?post=335851"},{"taxonomy":"product_tag","embeddable":true,"href":"https:\/\/www.livrariarema.com.br\/loja\/wp-json\/wp\/v2\/product_tag?post=335851"}],"curies":[{"name":"wp","href":"https:\/\/api.w.org\/{rel}","templated":true}]}}