{"id":336302,"date":"2025-09-04T10:36:33","date_gmt":"2025-09-04T13:36:33","guid":{"rendered":"https:\/\/www.livrariarema.com.br\/loja\/produtos\/sem categoria\/apontador-com-deposito-borracha-tris-holic-giardino\/"},"modified":"2026-02-02T15:01:25","modified_gmt":"2026-02-02T18:01:25","slug":"apontador-com-deposito-borracha-tris-holic-giardino","status":"publish","type":"product","link":"https:\/\/www.livrariarema.com.br\/loja\/produtos\/papelaria\/apontador\/apontador-com-deposito-borracha-tris-holic-giardino\/","title":{"rendered":"Apontador Com Dep\u00f3sito + Borracha &#8211; Tris &#8211; Holic &#8211; Giardino"},"content":{"rendered":"<p>Uma tend\u00eancia que nunca sai de moda, o floral est\u00e1 em alta com uma abordagem rom\u00e2ntica e po\u00e9tica. O mood Delicata explora cores claras e transpar\u00eancia, dedicado \u00e0 delicadeza e \u00e0 naturalidade das flores. O apontador com dep\u00f3sito + borracha Giardino \u00e9 2 em 1 e tem formato de folha! Com borracha macia e apontador com dep\u00f3sito, traz muita praticidade para o dia-a-dia, al\u00e9m de delicadeza, devido a suas cores suavez e estampas em dourado!<\/p>\n<p>Vendido Separadamente. Enviado de acordo com a disponibilidade em estoque.<\/p>\n<p>Registro Inmetro: 002112\/2023<\/p>\n","protected":false},"excerpt":{"rendered":"<p>Uma tend\u00eancia que nunca sai de moda, o floral est\u00e1 em alta com uma abordagem rom\u00e2ntica e po\u00e9tica. O mood&hellip;<\/p>\n","protected":false},"featured_media":336301,"comment_status":"open","ping_status":"closed","template":"","meta":[],"product_cat":[283,215],"product_tag":[],"_links":{"self":[{"href":"https:\/\/www.livrariarema.com.br\/loja\/wp-json\/wp\/v2\/product\/336302"}],"collection":[{"href":"https:\/\/www.livrariarema.com.br\/loja\/wp-json\/wp\/v2\/product"}],"about":[{"href":"https:\/\/www.livrariarema.com.br\/loja\/wp-json\/wp\/v2\/types\/product"}],"replies":[{"embeddable":true,"href":"https:\/\/www.livrariarema.com.br\/loja\/wp-json\/wp\/v2\/comments?post=336302"}],"wp:featuredmedia":[{"embeddable":true,"href":"https:\/\/www.livrariarema.com.br\/loja\/wp-json\/wp\/v2\/media\/336301"}],"wp:attachment":[{"href":"https:\/\/www.livrariarema.com.br\/loja\/wp-json\/wp\/v2\/media?parent=336302"}],"wp:term":[{"taxonomy":"product_cat","embeddable":true,"href":"https:\/\/www.livrariarema.com.br\/loja\/wp-json\/wp\/v2\/product_cat?post=336302"},{"taxonomy":"product_tag","embeddable":true,"href":"https:\/\/www.livrariarema.com.br\/loja\/wp-json\/wp\/v2\/product_tag?post=336302"}],"curies":[{"name":"wp","href":"https:\/\/api.w.org\/{rel}","templated":true}]}}