{"id":336363,"date":"2025-09-10T15:27:44","date_gmt":"2025-09-10T18:27:44","guid":{"rendered":"https:\/\/www.livrariarema.com.br\/loja\/produtos\/sem categoria\/caderno-wire-o-buendia-universitario-amendoeira-em-flor\/"},"modified":"2025-09-10T15:27:49","modified_gmt":"2025-09-10T18:27:49","slug":"caderno-wire-o-buendia-universitario-amendoeira-em-flor","status":"publish","type":"product","link":"https:\/\/www.livrariarema.com.br\/loja\/produtos\/papelaria\/caderno\/caderno-wire-o-buendia-universitario-amendoeira-em-flor\/","title":{"rendered":"Caderno Wire-O &#8211; Buendia &#8211; Universit\u00e1rio &#8211; Amendoeira Em Flor"},"content":{"rendered":"<p>-Capa dura com lamina\u00e7\u00e3o fosca, resistente e elegante! Decorada no exterior e parte interna.<br \/>\n-Linda folha de identifica\u00e7\u00e3o colorida e decorada com o tema do caderno, em papel 150gr<br \/>\n-El\u00e1stico para fechar seu caderno e lev\u00e1-lo por a\u00ed! <br \/>\n-Inclui 4 divis\u00f3rias coloridas em papel -180g!<br \/>\n-Bolso pl\u00e1stico<br \/>\n-Calend\u00e1rio<br \/>\n-100 Folhas pautadas<\/p>\n","protected":false},"excerpt":{"rendered":"<p>-Capa dura com lamina\u00e7\u00e3o fosca, resistente e elegante! Decorada no exterior e parte interna. -Linda folha de identifica\u00e7\u00e3o colorida e&hellip;<\/p>\n","protected":false},"featured_media":336362,"comment_status":"open","ping_status":"closed","template":"","meta":[],"product_cat":[230,215],"product_tag":[],"_links":{"self":[{"href":"https:\/\/www.livrariarema.com.br\/loja\/wp-json\/wp\/v2\/product\/336363"}],"collection":[{"href":"https:\/\/www.livrariarema.com.br\/loja\/wp-json\/wp\/v2\/product"}],"about":[{"href":"https:\/\/www.livrariarema.com.br\/loja\/wp-json\/wp\/v2\/types\/product"}],"replies":[{"embeddable":true,"href":"https:\/\/www.livrariarema.com.br\/loja\/wp-json\/wp\/v2\/comments?post=336363"}],"wp:featuredmedia":[{"embeddable":true,"href":"https:\/\/www.livrariarema.com.br\/loja\/wp-json\/wp\/v2\/media\/336362"}],"wp:attachment":[{"href":"https:\/\/www.livrariarema.com.br\/loja\/wp-json\/wp\/v2\/media?parent=336363"}],"wp:term":[{"taxonomy":"product_cat","embeddable":true,"href":"https:\/\/www.livrariarema.com.br\/loja\/wp-json\/wp\/v2\/product_cat?post=336363"},{"taxonomy":"product_tag","embeddable":true,"href":"https:\/\/www.livrariarema.com.br\/loja\/wp-json\/wp\/v2\/product_tag?post=336363"}],"curies":[{"name":"wp","href":"https:\/\/api.w.org\/{rel}","templated":true}]}}