{"id":336573,"date":"2025-09-11T16:08:34","date_gmt":"2025-09-11T19:08:34","guid":{"rendered":"https:\/\/www.livrariarema.com.br\/loja\/produtos\/sem categoria\/caderno-espiral-buendia-mapa-mundi\/"},"modified":"2025-10-04T10:10:57","modified_gmt":"2025-10-04T13:10:57","slug":"caderno-espiral-buendia-mapa-mundi","status":"publish","type":"product","link":"https:\/\/www.livrariarema.com.br\/loja\/produtos\/papelaria\/caderno\/caderno-espiral-buendia-mapa-mundi\/","title":{"rendered":"Caderno Espiral &#8211; Buendia &#8211; Mapa Mundi"},"content":{"rendered":"<p>Com suas capas decoradas e folhas pautadas ou pontilhadas s\u00e3o capazes de tornar qualquer tarefa mais agrad\u00e1vel. Seja qual for a sua prefer\u00eancia, h\u00e1 um cadernico com a estampa perfeita para voc\u00ea!<\/p>\n<p>Detalhes:<br \/>\n&#8211; 80 p\u00e1ginas (40 folhas);<br \/>\n&#8211; Tamanho: 21 x 14,7 cm;<br \/>\n&#8211; Folhas 90 gramas;<br \/>\n&#8211; Capa flex\u00edvel resistente;<br \/>\n&#8211; Folhas decoradas<\/p>\n","protected":false},"excerpt":{"rendered":"<p>Com suas capas decoradas e folhas pautadas ou pontilhadas s\u00e3o capazes de tornar qualquer tarefa mais agrad\u00e1vel. Seja qual for&hellip;<\/p>\n","protected":false},"featured_media":336572,"comment_status":"open","ping_status":"closed","template":"","meta":[],"product_cat":[230,215],"product_tag":[],"_links":{"self":[{"href":"https:\/\/www.livrariarema.com.br\/loja\/wp-json\/wp\/v2\/product\/336573"}],"collection":[{"href":"https:\/\/www.livrariarema.com.br\/loja\/wp-json\/wp\/v2\/product"}],"about":[{"href":"https:\/\/www.livrariarema.com.br\/loja\/wp-json\/wp\/v2\/types\/product"}],"replies":[{"embeddable":true,"href":"https:\/\/www.livrariarema.com.br\/loja\/wp-json\/wp\/v2\/comments?post=336573"}],"wp:featuredmedia":[{"embeddable":true,"href":"https:\/\/www.livrariarema.com.br\/loja\/wp-json\/wp\/v2\/media\/336572"}],"wp:attachment":[{"href":"https:\/\/www.livrariarema.com.br\/loja\/wp-json\/wp\/v2\/media?parent=336573"}],"wp:term":[{"taxonomy":"product_cat","embeddable":true,"href":"https:\/\/www.livrariarema.com.br\/loja\/wp-json\/wp\/v2\/product_cat?post=336573"},{"taxonomy":"product_tag","embeddable":true,"href":"https:\/\/www.livrariarema.com.br\/loja\/wp-json\/wp\/v2\/product_tag?post=336573"}],"curies":[{"name":"wp","href":"https:\/\/api.w.org\/{rel}","templated":true}]}}