{"id":337935,"date":"2025-09-22T14:42:15","date_gmt":"2025-09-22T17:42:15","guid":{"rendered":"https:\/\/www.livrariarema.com.br\/loja\/produtos\/sem categoria\/etica-de-deus-a-mark-c-murphy\/"},"modified":"2025-11-24T15:26:55","modified_gmt":"2025-11-24T18:26:55","slug":"etica-de-deus-a-mark-c-murphy","status":"publish","type":"product","link":"https:\/\/www.livrariarema.com.br\/loja\/produtos\/livros\/teologia\/etica-de-deus-a-mark-c-murphy\/","title":{"rendered":"\u00c9tica De Deus, A &#8211; Mark C. Murphy"},"content":{"rendered":"<p>Deus \u00e9 bom porque faz o bem ou<br \/>\no bem \u00e9 bom porque \u00e9 o que Deus faz?<\/p>\n<p>Deus existe. E, j\u00e1 que ele existe, o que ele faria e o que n\u00e3o faria nesta ou naquela situa\u00e7\u00e3o espec\u00edfica? Afinal, Deus deveria promover o bem-estar das pessoas?<\/p>\n<p>Por que o mal existe? Seria o mundo injusto e Deus, justo?<\/p>\n<p>A \u00c9tica de Deus &#8211; Normas da a\u00e7\u00e3o divina e o problema do mal examina a \u00e9tica pr\u00f3pria de Deus e como ela difere da \u00e9tica humana.<\/p>\n<p>Mark C. Murphy desafia a nossa compreens\u00e3o de Deus como um ser perfeitamente bom em termos morais ou como um ser perfeitamente amoroso, especialmente quando tentamos responder ao problema do mal.<\/p>\n","protected":false},"excerpt":{"rendered":"<p>Deus \u00e9 bom porque faz o bem ou o bem \u00e9 bom porque \u00e9 o que Deus faz? Deus existe.&hellip;<\/p>\n","protected":false},"featured_media":341489,"comment_status":"open","ping_status":"closed","template":"","meta":[],"product_cat":[134,136],"product_tag":[],"_links":{"self":[{"href":"https:\/\/www.livrariarema.com.br\/loja\/wp-json\/wp\/v2\/product\/337935"}],"collection":[{"href":"https:\/\/www.livrariarema.com.br\/loja\/wp-json\/wp\/v2\/product"}],"about":[{"href":"https:\/\/www.livrariarema.com.br\/loja\/wp-json\/wp\/v2\/types\/product"}],"replies":[{"embeddable":true,"href":"https:\/\/www.livrariarema.com.br\/loja\/wp-json\/wp\/v2\/comments?post=337935"}],"wp:featuredmedia":[{"embeddable":true,"href":"https:\/\/www.livrariarema.com.br\/loja\/wp-json\/wp\/v2\/media\/341489"}],"wp:attachment":[{"href":"https:\/\/www.livrariarema.com.br\/loja\/wp-json\/wp\/v2\/media?parent=337935"}],"wp:term":[{"taxonomy":"product_cat","embeddable":true,"href":"https:\/\/www.livrariarema.com.br\/loja\/wp-json\/wp\/v2\/product_cat?post=337935"},{"taxonomy":"product_tag","embeddable":true,"href":"https:\/\/www.livrariarema.com.br\/loja\/wp-json\/wp\/v2\/product_tag?post=337935"}],"curies":[{"name":"wp","href":"https:\/\/api.w.org\/{rel}","templated":true}]}}