{"id":338561,"date":"2025-09-29T15:18:07","date_gmt":"2025-09-29T18:18:07","guid":{"rendered":"https:\/\/www.livrariarema.com.br\/loja\/produtos\/sem categoria\/jesus-esta-voltando-debby-anderson\/"},"modified":"2025-11-06T15:02:42","modified_gmt":"2025-11-06T18:02:42","slug":"jesus-esta-voltando-debby-anderson","status":"publish","type":"product","link":"https:\/\/www.livrariarema.com.br\/loja\/produtos\/livros\/infantil\/jesus-esta-voltando-debby-anderson\/","title":{"rendered":"Jesus Esta Voltando &#8211; Debby Anderson"},"content":{"rendered":"<p>Jesus prometeu voltar e nos levar para morar com Ele para sempre no c\u00e9u. Todo dia n\u00f3s veremos o rosto dele. Isso ser\u00e1 maravilhoso, n\u00e3o ser\u00e1? At\u00e9 que isso aconte\u00e7a, n\u00f3s podemos ir nos preparando para este encontro: orando e vivendo de um jeito que deixa Ele feliz. N\u00f3s tamb\u00e9m precisamos ler a B\u00edblia e fazer as coisas que Jesus nos ensina a fazer &#8211; ajudar as pessoas, ser alegres, e compartilhar a hist\u00f3ria dele com outras pessoas. Dessa maneira, elas tamb\u00e9m poder\u00e3o ir ao c\u00e9u com o Senhor!<\/p>\n","protected":false},"excerpt":{"rendered":"<p>Jesus prometeu voltar e nos levar para morar com Ele para sempre no c\u00e9u. Todo dia n\u00f3s veremos o rosto&hellip;<\/p>\n","protected":false},"featured_media":338560,"comment_status":"open","ping_status":"closed","template":"","meta":[],"product_cat":[144,134],"product_tag":[],"_links":{"self":[{"href":"https:\/\/www.livrariarema.com.br\/loja\/wp-json\/wp\/v2\/product\/338561"}],"collection":[{"href":"https:\/\/www.livrariarema.com.br\/loja\/wp-json\/wp\/v2\/product"}],"about":[{"href":"https:\/\/www.livrariarema.com.br\/loja\/wp-json\/wp\/v2\/types\/product"}],"replies":[{"embeddable":true,"href":"https:\/\/www.livrariarema.com.br\/loja\/wp-json\/wp\/v2\/comments?post=338561"}],"wp:featuredmedia":[{"embeddable":true,"href":"https:\/\/www.livrariarema.com.br\/loja\/wp-json\/wp\/v2\/media\/338560"}],"wp:attachment":[{"href":"https:\/\/www.livrariarema.com.br\/loja\/wp-json\/wp\/v2\/media?parent=338561"}],"wp:term":[{"taxonomy":"product_cat","embeddable":true,"href":"https:\/\/www.livrariarema.com.br\/loja\/wp-json\/wp\/v2\/product_cat?post=338561"},{"taxonomy":"product_tag","embeddable":true,"href":"https:\/\/www.livrariarema.com.br\/loja\/wp-json\/wp\/v2\/product_tag?post=338561"}],"curies":[{"name":"wp","href":"https:\/\/api.w.org\/{rel}","templated":true}]}}