{"id":338608,"date":"2025-09-29T16:12:16","date_gmt":"2025-09-29T19:12:16","guid":{"rendered":"https:\/\/www.livrariarema.com.br\/loja\/produtos\/sem categoria\/box-conhecendo-a-deus-debby-anderson\/"},"modified":"2025-10-01T10:31:11","modified_gmt":"2025-10-01T13:31:11","slug":"box-conhecendo-a-deus-debby-anderson","status":"publish","type":"product","link":"https:\/\/www.livrariarema.com.br\/loja\/produtos\/livros\/infantil\/box-conhecendo-a-deus-debby-anderson\/","title":{"rendered":"Box Conhecendo A Deus &#8211; Debby Anderson"},"content":{"rendered":"<p>Posso falar com Deus<br \/>\nNeste volume, Debby explica a nossa possibilidade de falar com Deus em todos os lugares, porque Ele nos ama. As crian\u00e7as aprender\u00e3o que podem conversar com Deus e que Ele sempre ouvir\u00e1 suas ora\u00e7\u00f5es.<\/p>\n<p>Posso contar com Deus<br \/>\nAs crian\u00e7as aprender\u00e3o como ser bondosos com os outros enquanto adquirem habilidades b\u00e1sicas de Matem\u00e1tica, como: somar, diminuir, contar, medir e muito mais. Os vers\u00edculos b\u00edblicos lembrar\u00e3o as crian\u00e7as que Deus as ama e quer que elas demonstrem Sua bondade aos outros.<\/p>\n<p>O mundo que Deus nos deu<br \/>\nEste livro ensina a import\u00e2ncia de apreciarmos e ajudarmos a cuidar da cria\u00e7\u00e3o de Deus, com a qual Ele nos presenteou. Ele cont\u00e9m dicas divertidas para crian\u00e7as de todas as idades.<\/p>\n<p>Deus me conhece<br \/>\nO Deus de todo o Universo nos conhece e nos ama. Este volume traz \u00e0 tona a ess\u00eancia de 50 vers\u00edculos para ajudar a crian\u00e7a a compreender essas verdades b\u00edblicas. Inclui as refer\u00eancias dos vers\u00edculos.<\/p>\n<p>Eu amo minha B\u00edblia<br \/>\nEste volume incentiva as crain\u00e7as a lerem a B\u00edblia em qualquer momento e lugar, al\u00e9m de decorar e meditar em alguns trechos e dividir com os amigos.<\/p>\n<p>Jesus est\u00e1 voltando<br \/>\nEste volume ensina as crian\u00e7as a se prepararem para a volta de Jesus e como viverem enquanto esperam por Ele.<\/p>\n","protected":false},"excerpt":{"rendered":"<p>Posso falar com Deus Neste volume, Debby explica a nossa possibilidade de falar com Deus em todos os lugares, porque&hellip;<\/p>\n","protected":false},"featured_media":339046,"comment_status":"open","ping_status":"closed","template":"","meta":[],"product_cat":[144,134],"product_tag":[],"_links":{"self":[{"href":"https:\/\/www.livrariarema.com.br\/loja\/wp-json\/wp\/v2\/product\/338608"}],"collection":[{"href":"https:\/\/www.livrariarema.com.br\/loja\/wp-json\/wp\/v2\/product"}],"about":[{"href":"https:\/\/www.livrariarema.com.br\/loja\/wp-json\/wp\/v2\/types\/product"}],"replies":[{"embeddable":true,"href":"https:\/\/www.livrariarema.com.br\/loja\/wp-json\/wp\/v2\/comments?post=338608"}],"wp:featuredmedia":[{"embeddable":true,"href":"https:\/\/www.livrariarema.com.br\/loja\/wp-json\/wp\/v2\/media\/339046"}],"wp:attachment":[{"href":"https:\/\/www.livrariarema.com.br\/loja\/wp-json\/wp\/v2\/media?parent=338608"}],"wp:term":[{"taxonomy":"product_cat","embeddable":true,"href":"https:\/\/www.livrariarema.com.br\/loja\/wp-json\/wp\/v2\/product_cat?post=338608"},{"taxonomy":"product_tag","embeddable":true,"href":"https:\/\/www.livrariarema.com.br\/loja\/wp-json\/wp\/v2\/product_tag?post=338608"}],"curies":[{"name":"wp","href":"https:\/\/api.w.org\/{rel}","templated":true}]}}