{"id":338778,"date":"2025-09-29T16:51:10","date_gmt":"2025-09-29T19:51:10","guid":{"rendered":"https:\/\/www.livrariarema.com.br\/loja\/produtos\/sem%20categoria\/queda-de-numenor-a-j-r-r-tolkien\/"},"modified":"2026-04-14T12:18:00","modified_gmt":"2026-04-14T15:18:00","slug":"queda-de-numenor-a-j-r-r-tolkien","status":"publish","type":"product","link":"https:\/\/www.livrariarema.com.br\/loja\/produtos\/livros\/ficcao\/queda-de-numenor-a-j-r-r-tolkien\/","title":{"rendered":"Queda De N\u00famenor, A &#8211; J. R. R. Tolkien"},"content":{"rendered":"<p>Os escritos de J.R.R. Tolkien sobre a Segunda Era da Terra-m\u00e9dia reunidos pela primeira vez em um \u00fanico volume e com pinturas coloridas e desenhos a l\u00e1pis feitos pelo premiado artista Alan Lee!<\/p>\n<p>Tolkien uma vez descreveu a Segunda Era da Terra-m\u00e9dia como uma &#8220;idade das trevas, e n\u00e3o muito de sua hist\u00f3ria \u00e9 (ou precisa ser) contada&#8221;. E por muitos anos os leitores precisaram se contentar com pequenos e tentadores vislumbres deste per\u00edodo encontrados nas p\u00e1ginas de O Senhor dos An\u00e9is e seus ap\u00eandices, incluindo as hist\u00f3rias da forja dos An\u00e9is de Poder, a constru\u00e7\u00e3o de Barad-d\u00fbr e a ascens\u00e3o de Sauron.<\/p>\n<p>O mais pr\u00f3ximo da hist\u00f3ria completa s\u00f3 foi contada quando Christopher Tolkien publicou O Silmarillion, ap\u00f3s a morte de seu pai. Embora grande parte do conte\u00fado do livro se refira \u00e0 Primeira Era da Terra-m\u00e9dia, havia no final dois pequenos cap\u00edtulos que revelaram os eventos tumultuosos relativos \u00e0 ascens\u00e3o e queda da ilha de N\u00famenor. Erguida no Grande Mar e dada como presente aos Homens da Terra-m\u00e9dia como recompensa por ajudarem os Valar e os Elfos na derrota e captura do Senhor Sombrio Morgoth, o reino tornou-se uma sede de influ\u00eancia e riqueza; mas, \u00e0 medida que o poder dos n\u00famen\u00f3reanos aumentava, a semente de sua tr\u00e1gica queda seria inevitavelmente lan\u00e7ada. Por\u00e9m, ao contr\u00e1rio do que alguns acreditam, este evento de propor\u00e7\u00f5es continentais n\u00e3o estabelece o final da Segunda Era da Terra-m\u00e9dia, pois esta termina somente com a derrota de Sauron na Batalha da \u00daltima Alian\u00e7a.<\/p>\n<p>Uma vis\u00e3o ainda maior da Segunda Era seria revelada em publica\u00e7\u00f5es subsequentes, primeiro em Contos Inacabados de N\u00famenor e da Terra-m\u00e9dia, depois expandida nos impressionantes 12 livros de A Hist\u00f3ria da Terra-m\u00e9dia (rec\u00e9m-lan\u00e7ado em portugu\u00eas com O Livro dos Contos Perdidos 1 e 2), nos quais Christopher Tolkien apresentou e discutiu a riqueza de outros escritos in\u00e9ditos de seu pai, muitos em forma de rascunho.<\/p>\n<p>Agora, trabalhando com base na linha de tempo de O Conto dos Anos constante no &#8220;Ap\u00eandice B&#8221; de O Senhor dos An\u00e9is, o experiente editor tolkienista Brian Sibley reuniu pela primeira vez em um \u00fanico volume comentado os variados escritos de J.R.R. Tolkien sobre a Segunda Era da Terra-m\u00e9dia. Sibley procura organizar uma narrativa \u00fanica e linear dos principais eventos dessa Era e que tiveram impacto no que \u00e9 contado em O Senhor dos An\u00e9is.<\/p>\n<p>A edi\u00e7\u00e3o \u00e9 capa dura, e conta com ilustra\u00e7\u00f5es em aquarela e l\u00e1pis produzidas pelo premiado e aclamado artista Alan Lee, que participou da multipremiada trilogia de filmes &#8220;O Senhor dos An\u00e9is&#8221;, do diretor neozeland\u00eas Peter Jackson. Em especial pelo \u00faltimo filme, &#8220;O Retorno do Rei&#8221; (2003), Lee ganhou o Oscar de Dire\u00e7\u00e3o de Arte.<br \/>\nA Queda de N\u00famenor surge no momento perfeito: ao final da primeira temporada de &#8220;O Senhor dos An\u00e9is: Os An\u00e9is de Poder&#8221; do Prime Video, um grande sucesso mundial que retrata eventos reimaginados da Segunda Era da Terra-m\u00e9dia.<\/p>\n","protected":false},"excerpt":{"rendered":"<p>Os escritos de J.R.R. Tolkien sobre a Segunda Era da Terra-m\u00e9dia reunidos pela primeira vez em um \u00fanico volume e&hellip;<\/p>\n","protected":false},"featured_media":346989,"comment_status":"open","ping_status":"closed","template":"","meta":[],"product_cat":[162,134],"product_tag":[],"_links":{"self":[{"href":"https:\/\/www.livrariarema.com.br\/loja\/wp-json\/wp\/v2\/product\/338778"}],"collection":[{"href":"https:\/\/www.livrariarema.com.br\/loja\/wp-json\/wp\/v2\/product"}],"about":[{"href":"https:\/\/www.livrariarema.com.br\/loja\/wp-json\/wp\/v2\/types\/product"}],"replies":[{"embeddable":true,"href":"https:\/\/www.livrariarema.com.br\/loja\/wp-json\/wp\/v2\/comments?post=338778"}],"wp:featuredmedia":[{"embeddable":true,"href":"https:\/\/www.livrariarema.com.br\/loja\/wp-json\/wp\/v2\/media\/346989"}],"wp:attachment":[{"href":"https:\/\/www.livrariarema.com.br\/loja\/wp-json\/wp\/v2\/media?parent=338778"}],"wp:term":[{"taxonomy":"product_cat","embeddable":true,"href":"https:\/\/www.livrariarema.com.br\/loja\/wp-json\/wp\/v2\/product_cat?post=338778"},{"taxonomy":"product_tag","embeddable":true,"href":"https:\/\/www.livrariarema.com.br\/loja\/wp-json\/wp\/v2\/product_tag?post=338778"}],"curies":[{"name":"wp","href":"https:\/\/api.w.org\/{rel}","templated":true}]}}

Queda De Númenor, A &#8211; J. R. R. Tolkien

<p>Os escritos de J.R.R. Tolkien sobre a Segunda Era da Terra-média reunidos pela primeira vez em um único volume e com pinturas coloridas e desenhos a lápis feitos pelo premiado artista Alan Lee!</p>
<p>Tolkien uma vez descreveu a Segunda Era da Terra-média como uma &#8220;idade das trevas, e não muito de sua história é (ou precisa ser) contada&#8221;. E por muitos anos os leitores precisaram se contentar com pequenos e tentadores vislumbres deste período encontrados nas páginas de O Senhor dos Anéis e seus apêndices, incluindo as histórias da forja dos Anéis de Poder, a construção de Barad-dûr e a ascensão de Sauron.</p>
<p>O mais próximo da história completa só foi contada quando Christopher Tolkien publicou O Silmarillion, após a morte de seu pai. Embora grande parte do conteúdo do livro se refira à Primeira Era da Terra-média, havia no final dois pequenos capítulos que revelaram os eventos tumultuosos relativos à ascensão e queda da ilha de Númenor. Erguida no Grande Mar e dada como presente aos Homens da Terra-média como recompensa por ajudarem os Valar e os Elfos na derrota e captura do Senhor Sombrio Morgoth, o reino tornou-se uma sede de influência e riqueza; mas, à medida que o poder dos númenóreanos aumentava, a semente de sua trágica queda seria inevitavelmente lançada. Porém, ao contrário do que alguns acreditam, este evento de proporções continentais não estabelece o final da Segunda Era da Terra-média, pois esta termina somente com a derrota de Sauron na Batalha da Última Aliança.</p>
<p>Uma visão ainda maior da Segunda Era seria revelada em publicações subsequentes, primeiro em Contos Inacabados de Númenor e da Terra-média, depois expandida nos impressionantes 12 livros de A História da Terra-média (recém-lançado em português com O Livro dos Contos Perdidos 1 e 2), nos quais Christopher Tolkien apresentou e discutiu a riqueza de outros escritos inéditos de seu pai, muitos em forma de rascunho.</p>
<p>Agora, trabalhando com base na linha de tempo de O Conto dos Anos constante no &#8220;Apêndice B&#8221; de O Senhor dos Anéis, o experiente editor tolkienista Brian Sibley reuniu pela primeira vez em um único volume comentado os variados escritos de J.R.R. Tolkien sobre a Segunda Era da Terra-média. Sibley procura organizar uma narrativa única e linear dos principais eventos dessa Era e que tiveram impacto no que é contado em O Senhor dos Anéis.</p>
<p>A edição é capa dura, e conta com ilustrações em aquarela e lápis produzidas pelo premiado e aclamado artista Alan Lee, que participou da multipremiada trilogia de filmes &#8220;O Senhor dos Anéis&#8221;, do diretor neozelandês Peter Jackson. Em especial pelo último filme, &#8220;O Retorno do Rei&#8221; (2003), Lee ganhou o Oscar de Direção de Arte.<br />
A Queda de Númenor surge no momento perfeito: ao final da primeira temporada de &#8220;O Senhor dos Anéis: Os Anéis de Poder&#8221; do Prime Video, um grande sucesso mundial que retrata eventos reimaginados da Segunda Era da Terra-média.</p>

<p>Os escritos de J.R.R. Tolkien sobre a Segunda Era da Terra-média reunidos pela primeira vez em um único volume e&hellip;</p>
