{"id":338823,"date":"2025-09-29T17:01:13","date_gmt":"2025-09-29T20:01:13","guid":{"rendered":"https:\/\/www.livrariarema.com.br\/loja\/produtos\/sem categoria\/o-tesouro-a-historia-de-jesus-e-sua-igreja\/"},"modified":"2026-04-01T18:22:01","modified_gmt":"2026-04-01T21:22:01","slug":"o-tesouro-a-historia-de-jesus-e-sua-igreja","status":"publish","type":"product","link":"https:\/\/www.livrariarema.com.br\/loja\/produtos\/livros\/infantil\/o-tesouro-a-historia-de-jesus-e-sua-igreja\/","title":{"rendered":"O Tesouro &#8211; A Hist\u00f3ria De Jesus E Sua Igreja"},"content":{"rendered":"<p>O Tesouro \u00e9 indispens\u00e1vel porque convida crian\u00e7as e adolescentes a explorarem a B\u00edblia de maneira envolvente e din\u00e2mica, combinando fic\u00e7\u00e3o e estudo b\u00edblico em uma jornada espiritual inesquec\u00edvel. Ele oferece uma introdu\u00e7\u00e3o rica e aprofundada aos livros de Lucas e Atos, promovendo o aprendizado em fam\u00edlia e o crescimento na f\u00e9. <\/p>\n","protected":false},"excerpt":{"rendered":"<p>O Tesouro \u00e9 indispens\u00e1vel porque convida crian\u00e7as e adolescentes a explorarem a B\u00edblia de maneira envolvente e din\u00e2mica, combinando fic\u00e7\u00e3o&hellip;<\/p>\n","protected":false},"featured_media":338822,"comment_status":"open","ping_status":"closed","template":"","meta":[],"product_cat":[144,134],"product_tag":[],"_links":{"self":[{"href":"https:\/\/www.livrariarema.com.br\/loja\/wp-json\/wp\/v2\/product\/338823"}],"collection":[{"href":"https:\/\/www.livrariarema.com.br\/loja\/wp-json\/wp\/v2\/product"}],"about":[{"href":"https:\/\/www.livrariarema.com.br\/loja\/wp-json\/wp\/v2\/types\/product"}],"replies":[{"embeddable":true,"href":"https:\/\/www.livrariarema.com.br\/loja\/wp-json\/wp\/v2\/comments?post=338823"}],"wp:featuredmedia":[{"embeddable":true,"href":"https:\/\/www.livrariarema.com.br\/loja\/wp-json\/wp\/v2\/media\/338822"}],"wp:attachment":[{"href":"https:\/\/www.livrariarema.com.br\/loja\/wp-json\/wp\/v2\/media?parent=338823"}],"wp:term":[{"taxonomy":"product_cat","embeddable":true,"href":"https:\/\/www.livrariarema.com.br\/loja\/wp-json\/wp\/v2\/product_cat?post=338823"},{"taxonomy":"product_tag","embeddable":true,"href":"https:\/\/www.livrariarema.com.br\/loja\/wp-json\/wp\/v2\/product_tag?post=338823"}],"curies":[{"name":"wp","href":"https:\/\/api.w.org\/{rel}","templated":true}]}}