{"id":338943,"date":"2025-09-30T10:41:52","date_gmt":"2025-09-30T13:41:52","guid":{"rendered":"https:\/\/www.livrariarema.com.br\/loja\/produtos\/sem categoria\/na-presenca-do-pai-naor-pedroza\/"},"modified":"2026-02-04T17:10:43","modified_gmt":"2026-02-04T20:10:43","slug":"na-presenca-do-pai-naor-pedroza","status":"publish","type":"product","link":"https:\/\/www.livrariarema.com.br\/loja\/produtos\/livros\/devocional\/na-presenca-do-pai-naor-pedroza\/","title":{"rendered":"Na Presen\u00e7a Do Pai &#8211; Naor Pedroza"},"content":{"rendered":"<p>Mais do que um devocional, Na presen\u00e7a do Pai \u00e9 um encontro di\u00e1rio entre voc\u00ea e o Pai celestial, em que desfrutar\u00e1 de uma conversa sincera, cheia de amor, perd\u00e3o e dire\u00e7\u00e3o para a sua vida. Ao mergulhar nesta leitura, voc\u00ea perceber\u00e1 que Deus n\u00e3o est\u00e1 distante, mas muito pr\u00f3ximo, falando ternamente ao seu cora\u00e7\u00e3o.<\/p>\n<p>Este livro foi escrito para alimentar sua f\u00e9, restaurar sua esperan\u00e7a e revelar, dia ap\u00f3s dia, a bondade de Deus em meio \u00e0 rotina. Em cada p\u00e1gina, h\u00e1 um lembrete do favor que repousa sobre a sua vida e das promessas que ainda se cumprir\u00e3o. Voc\u00ea ser\u00e1 fortalecido para enfrentar desafios, curar feridas do passado, liberar perd\u00e3o e seguir em frente com confian\u00e7a. Por meio destas mensagens, o ordin\u00e1rio ser\u00e1 tocado pelo extraordin\u00e1rio, e sua vida ser\u00e1 transformada pela presen\u00e7a do Pai. Comece hoje mesmo esta jornada de 365 dias na gra\u00e7a, sabedoria e amor do Senhor. Que este livro se torne um marco de f\u00e9 em sua caminhada, um testemunho de que viver com Deus muda tudo.<\/p>\n","protected":false},"excerpt":{"rendered":"<p>Mais do que um devocional, Na presen\u00e7a do Pai \u00e9 um encontro di\u00e1rio entre voc\u00ea e o Pai celestial, em&hellip;<\/p>\n","protected":false},"featured_media":340594,"comment_status":"open","ping_status":"closed","template":"","meta":[],"product_cat":[158,134],"product_tag":[],"_links":{"self":[{"href":"https:\/\/www.livrariarema.com.br\/loja\/wp-json\/wp\/v2\/product\/338943"}],"collection":[{"href":"https:\/\/www.livrariarema.com.br\/loja\/wp-json\/wp\/v2\/product"}],"about":[{"href":"https:\/\/www.livrariarema.com.br\/loja\/wp-json\/wp\/v2\/types\/product"}],"replies":[{"embeddable":true,"href":"https:\/\/www.livrariarema.com.br\/loja\/wp-json\/wp\/v2\/comments?post=338943"}],"wp:featuredmedia":[{"embeddable":true,"href":"https:\/\/www.livrariarema.com.br\/loja\/wp-json\/wp\/v2\/media\/340594"}],"wp:attachment":[{"href":"https:\/\/www.livrariarema.com.br\/loja\/wp-json\/wp\/v2\/media?parent=338943"}],"wp:term":[{"taxonomy":"product_cat","embeddable":true,"href":"https:\/\/www.livrariarema.com.br\/loja\/wp-json\/wp\/v2\/product_cat?post=338943"},{"taxonomy":"product_tag","embeddable":true,"href":"https:\/\/www.livrariarema.com.br\/loja\/wp-json\/wp\/v2\/product_tag?post=338943"}],"curies":[{"name":"wp","href":"https:\/\/api.w.org\/{rel}","templated":true}]}}