{"id":338993,"date":"2025-09-30T12:25:57","date_gmt":"2025-09-30T15:25:57","guid":{"rendered":"https:\/\/www.livrariarema.com.br\/loja\/produtos\/sem categoria\/palavras-benditas-para-casais-cultivando-a-vida-a-dois-darleide-alves\/"},"modified":"2026-03-23T13:43:11","modified_gmt":"2026-03-23T16:43:11","slug":"palavras-benditas-para-casais-cultivando-a-vida-a-dois-darleide-alves","status":"publish","type":"product","link":"https:\/\/www.livrariarema.com.br\/loja\/produtos\/livros\/namoro-sexualidade\/palavras-benditas-para-casais-cultivando-a-vida-a-dois-darleide-alves\/","title":{"rendered":"Palavras Benditas Para Casais &#8211; Cultivando A Vida A Dois &#8211; Darleide Alves"},"content":{"rendered":"<p>Palavras benditas para casais, de Darleide Alves, mostra como fortalecer o casamento com base em relacionamento com Deus, amizade, companheirismo e dedica\u00e7\u00e3o. O livro alerta sobre os riscos de negligenciar esses pilares, traz orienta\u00e7\u00f5es pr\u00e1ticas e inclui uma abordagem cient\u00edfica da neuroci\u00eancia para evitar o desgaste. A obra destaca a import\u00e2ncia da intimidade espiritual para reavivar o amor e manter um relacionamento duradouro firmado no Senhor.<\/p>\n","protected":false},"excerpt":{"rendered":"<p>Palavras benditas para casais, de Darleide Alves, mostra como fortalecer o casamento com base em relacionamento com Deus, amizade, companheirismo&hellip;<\/p>\n","protected":false},"featured_media":343012,"comment_status":"open","ping_status":"closed","template":"","meta":[],"product_cat":[134,203],"product_tag":[],"_links":{"self":[{"href":"https:\/\/www.livrariarema.com.br\/loja\/wp-json\/wp\/v2\/product\/338993"}],"collection":[{"href":"https:\/\/www.livrariarema.com.br\/loja\/wp-json\/wp\/v2\/product"}],"about":[{"href":"https:\/\/www.livrariarema.com.br\/loja\/wp-json\/wp\/v2\/types\/product"}],"replies":[{"embeddable":true,"href":"https:\/\/www.livrariarema.com.br\/loja\/wp-json\/wp\/v2\/comments?post=338993"}],"wp:featuredmedia":[{"embeddable":true,"href":"https:\/\/www.livrariarema.com.br\/loja\/wp-json\/wp\/v2\/media\/343012"}],"wp:attachment":[{"href":"https:\/\/www.livrariarema.com.br\/loja\/wp-json\/wp\/v2\/media?parent=338993"}],"wp:term":[{"taxonomy":"product_cat","embeddable":true,"href":"https:\/\/www.livrariarema.com.br\/loja\/wp-json\/wp\/v2\/product_cat?post=338993"},{"taxonomy":"product_tag","embeddable":true,"href":"https:\/\/www.livrariarema.com.br\/loja\/wp-json\/wp\/v2\/product_tag?post=338993"}],"curies":[{"name":"wp","href":"https:\/\/api.w.org\/{rel}","templated":true}]}}