{"id":339138,"date":"2025-10-01T15:55:54","date_gmt":"2025-10-01T18:55:54","guid":{"rendered":"https:\/\/www.livrariarema.com.br\/loja\/produtos\/sem categoria\/21-licoes-para-professores-da-escola-dominical-valmir-feliciano-gaiao\/"},"modified":"2026-04-11T11:41:19","modified_gmt":"2026-04-11T14:41:19","slug":"21-licoes-para-professores-da-escola-dominical-valmir-feliciano-gaiao","status":"publish","type":"product","link":"https:\/\/www.livrariarema.com.br\/loja\/produtos\/livros\/didatico\/21-licoes-para-professores-da-escola-dominical-valmir-feliciano-gaiao\/","title":{"rendered":"21 Li\u00e7\u00f5es Para Professores Da Escola Dominical &#8211; Valmir Feliciano Gai\u00e3o"},"content":{"rendered":"<p>Este livro re\u00fane 21 li\u00e7\u00f5es pr\u00e1ticas e transformadoras, especialmente escritas para professores da Escola B\u00edblica Dominical.<\/p>\n<p>Com base em viv\u00eancias do autor, cada cap\u00edtulo oferece sugest\u00f5es, conselhos e reflex\u00f5es que visam fortalecer a rela\u00e7\u00e3o dos professores com os alunos e enriquecer a pr\u00e1tica pedag\u00f3gica crist\u00e3.<\/p>\n<p>A proposta \u00e9 clara: valorizar o papel do professor como agente essencial na forma\u00e7\u00e3o espiritual, enfrentando os desafios da sala de aula com sabedoria, empatia e f\u00e9.<\/p>\n<p>Em linguagem acess\u00edvel, o autor une experi\u00eancia, princ\u00edpios b\u00edblicos e amor ao ensino da Palavra de Deus, convidando o leitor a uma jornada de crescimento pessoal e ministerial.<\/p>\n","protected":false},"excerpt":{"rendered":"<p>Este livro re\u00fane 21 li\u00e7\u00f5es pr\u00e1ticas e transformadoras, especialmente escritas para professores da Escola B\u00edblica Dominical. Com base em viv\u00eancias&hellip;<\/p>\n","protected":false},"featured_media":345858,"comment_status":"open","ping_status":"closed","template":"","meta":[],"product_cat":[185,134],"product_tag":[],"_links":{"self":[{"href":"https:\/\/www.livrariarema.com.br\/loja\/wp-json\/wp\/v2\/product\/339138"}],"collection":[{"href":"https:\/\/www.livrariarema.com.br\/loja\/wp-json\/wp\/v2\/product"}],"about":[{"href":"https:\/\/www.livrariarema.com.br\/loja\/wp-json\/wp\/v2\/types\/product"}],"replies":[{"embeddable":true,"href":"https:\/\/www.livrariarema.com.br\/loja\/wp-json\/wp\/v2\/comments?post=339138"}],"wp:featuredmedia":[{"embeddable":true,"href":"https:\/\/www.livrariarema.com.br\/loja\/wp-json\/wp\/v2\/media\/345858"}],"wp:attachment":[{"href":"https:\/\/www.livrariarema.com.br\/loja\/wp-json\/wp\/v2\/media?parent=339138"}],"wp:term":[{"taxonomy":"product_cat","embeddable":true,"href":"https:\/\/www.livrariarema.com.br\/loja\/wp-json\/wp\/v2\/product_cat?post=339138"},{"taxonomy":"product_tag","embeddable":true,"href":"https:\/\/www.livrariarema.com.br\/loja\/wp-json\/wp\/v2\/product_tag?post=339138"}],"curies":[{"name":"wp","href":"https:\/\/api.w.org\/{rel}","templated":true}]}}