{"id":339239,"date":"2025-10-03T10:39:00","date_gmt":"2025-10-03T13:39:00","guid":{"rendered":"https:\/\/www.livrariarema.com.br\/loja\/produtos\/sem categoria\/quebra-cabecas-grow-200-pecas-mapa-do-brasil\/"},"modified":"2026-02-26T15:10:51","modified_gmt":"2026-02-26T18:10:51","slug":"quebra-cabecas-grow-200-pecas-mapa-do-brasil","status":"publish","type":"product","link":"https:\/\/www.livrariarema.com.br\/loja\/produtos\/brinquedos\/quebra-cabecas\/quebra-cabecas-grow-200-pecas-mapa-do-brasil\/","title":{"rendered":"Quebra-Cabe\u00e7as &#8211; Grow &#8211; 200 Pe\u00e7as &#8211; Mapa Do Brasil"},"content":{"rendered":"<p>Quebra Cabe\u00e7a 200 Pe\u00e7as Mapa do Brasil &#8211; Grow<\/p>\n<p>Montar um Quebra-Cabe\u00e7a \u00e9 mais do que separar pe\u00e7as e tentar encaix\u00e1-las, formando imagens, \u00e9 um desafio estimulante e prazeroso. Um passatempo l\u00fadico que sociabiliza e une pessoas em torno de lindas imagens que fazem sonhar. Seja por passatempo ou por hobby traz momentos de alegria a cada pe\u00e7a.<br \/>\nOs quebra-cabe\u00e7as s\u00e3o importante no desenvolvimento das crian\u00e7as por estimular a habilidade motora, a concentra\u00e7\u00e3o e a percep\u00e7\u00e3o visual!<\/p>\n<p>Dimens\u00f5es da imagem montada: 30,5 x 45,3 cm<br \/>\nS\u00e3o 200 pe\u00e7as, indicado para maiores de 7 anos.<\/p>\n","protected":false},"excerpt":{"rendered":"<p>Quebra Cabe\u00e7a 200 Pe\u00e7as Mapa do Brasil &#8211; Grow Montar um Quebra-Cabe\u00e7a \u00e9 mais do que separar pe\u00e7as e tentar&hellip;<\/p>\n","protected":false},"featured_media":339238,"comment_status":"open","ping_status":"closed","template":"","meta":[],"product_cat":[315,321],"product_tag":[],"_links":{"self":[{"href":"https:\/\/www.livrariarema.com.br\/loja\/wp-json\/wp\/v2\/product\/339239"}],"collection":[{"href":"https:\/\/www.livrariarema.com.br\/loja\/wp-json\/wp\/v2\/product"}],"about":[{"href":"https:\/\/www.livrariarema.com.br\/loja\/wp-json\/wp\/v2\/types\/product"}],"replies":[{"embeddable":true,"href":"https:\/\/www.livrariarema.com.br\/loja\/wp-json\/wp\/v2\/comments?post=339239"}],"wp:featuredmedia":[{"embeddable":true,"href":"https:\/\/www.livrariarema.com.br\/loja\/wp-json\/wp\/v2\/media\/339238"}],"wp:attachment":[{"href":"https:\/\/www.livrariarema.com.br\/loja\/wp-json\/wp\/v2\/media?parent=339239"}],"wp:term":[{"taxonomy":"product_cat","embeddable":true,"href":"https:\/\/www.livrariarema.com.br\/loja\/wp-json\/wp\/v2\/product_cat?post=339239"},{"taxonomy":"product_tag","embeddable":true,"href":"https:\/\/www.livrariarema.com.br\/loja\/wp-json\/wp\/v2\/product_tag?post=339239"}],"curies":[{"name":"wp","href":"https:\/\/api.w.org\/{rel}","templated":true}]}}