{"id":339275,"date":"2025-10-03T10:41:34","date_gmt":"2025-10-03T13:41:34","guid":{"rendered":"https:\/\/www.livrariarema.com.br\/loja\/produtos\/sem categoria\/quebra-cabecas-grow-1500-pecas-panorama-oceano-azul\/"},"modified":"2026-04-11T11:51:08","modified_gmt":"2026-04-11T14:51:08","slug":"quebra-cabecas-grow-1500-pecas-panorama-oceano-azul","status":"publish","type":"product","link":"https:\/\/www.livrariarema.com.br\/loja\/produtos\/brinquedos\/quebra-cabecas\/quebra-cabecas-grow-1500-pecas-panorama-oceano-azul\/","title":{"rendered":"Quebra-Cabe\u00e7as &#8211; Grow &#8211; 1500 Pe\u00e7as &#8211; Panorama &#8211; Oceano Azul"},"content":{"rendered":"<p>Monte e mergulhe na Perspectiva extraordin\u00e1ria desta imagem, onde o oceano se estende at\u00e9 montanhas e animais marinhos dan\u00e7am sob um c\u00e9u de arco-\u00edris!<\/p>\n<p>A partir de 12 anos<br \/>\nQuantidade de pe\u00e7as: 1508<br \/>\nTamanho da imagem 99,5 x 33,7 cm<\/p>\n","protected":false},"excerpt":{"rendered":"<p>Monte e mergulhe na Perspectiva extraordin\u00e1ria desta imagem, onde o oceano se estende at\u00e9 montanhas e animais marinhos dan\u00e7am sob&hellip;<\/p>\n","protected":false},"featured_media":339274,"comment_status":"open","ping_status":"closed","template":"","meta":[],"product_cat":[315,321],"product_tag":[],"_links":{"self":[{"href":"https:\/\/www.livrariarema.com.br\/loja\/wp-json\/wp\/v2\/product\/339275"}],"collection":[{"href":"https:\/\/www.livrariarema.com.br\/loja\/wp-json\/wp\/v2\/product"}],"about":[{"href":"https:\/\/www.livrariarema.com.br\/loja\/wp-json\/wp\/v2\/types\/product"}],"replies":[{"embeddable":true,"href":"https:\/\/www.livrariarema.com.br\/loja\/wp-json\/wp\/v2\/comments?post=339275"}],"wp:featuredmedia":[{"embeddable":true,"href":"https:\/\/www.livrariarema.com.br\/loja\/wp-json\/wp\/v2\/media\/339274"}],"wp:attachment":[{"href":"https:\/\/www.livrariarema.com.br\/loja\/wp-json\/wp\/v2\/media?parent=339275"}],"wp:term":[{"taxonomy":"product_cat","embeddable":true,"href":"https:\/\/www.livrariarema.com.br\/loja\/wp-json\/wp\/v2\/product_cat?post=339275"},{"taxonomy":"product_tag","embeddable":true,"href":"https:\/\/www.livrariarema.com.br\/loja\/wp-json\/wp\/v2\/product_tag?post=339275"}],"curies":[{"name":"wp","href":"https:\/\/api.w.org\/{rel}","templated":true}]}}

Quebra-Cabeças &#8211; Grow &#8211; 1500 Peças &#8211; Panorama &#8211; Oceano Azul

<p>Monte e mergulhe na Perspectiva extraordinária desta imagem, onde o oceano se estende até montanhas e animais marinhos dançam sob um céu de arco-íris!</p>
<p>A partir de 12 anos<br />
Quantidade de peças: 1508<br />
Tamanho da imagem 99,5 x 33,7 cm</p>

<p>Monte e mergulhe na Perspectiva extraordinária desta imagem, onde o oceano se estende até montanhas e animais marinhos dançam sob&hellip;</p>
