{"id":339292,"date":"2025-10-03T10:43:06","date_gmt":"2025-10-03T13:43:06","guid":{"rendered":"https:\/\/www.livrariarema.com.br\/loja\/produtos\/sem categoria\/quebra-cabecas-grow-350-pecas-panorama-cachorrinhos-esportistas\/"},"modified":"2026-01-03T10:50:58","modified_gmt":"2026-01-03T13:50:58","slug":"quebra-cabecas-grow-350-pecas-panorama-cachorrinhos-esportistas","status":"publish","type":"product","link":"https:\/\/www.livrariarema.com.br\/loja\/produtos\/brinquedos\/quebra-cabecas\/quebra-cabecas-grow-350-pecas-panorama-cachorrinhos-esportistas\/","title":{"rendered":"Quebra-Cabe\u00e7as &#8211; Grow &#8211; 350 Pe\u00e7as &#8211; Panorama &#8211; Cachorrinhos Esportistas"},"content":{"rendered":"<p>Prepare-se para uma maratona de fofura! Cinco cachorrinhos super atl\u00e9ticos est\u00e3o prontos para competir em seus esportes favoritos &#8211; e voc\u00ea \u00e9 o t\u00e9cnico dessa equipe cheia de charme. Criados pela dupla art\u00edstica P.D. MORENO, cada c\u00e3ozinho foi ilustrado com um estilo \u00fanico e cheio de personalidade.<\/p>\n<p>Monte esse divertido quebra-cabe\u00e7a e descubra quem vai levar a medalha de ouro da fofura!<\/p>\n<p>Inclui: 1 quebra-cabe\u00e7a de 352 pe\u00e7as<br \/>\nTamanho final da imagem: 74,8 x 25 cm<br \/>\nA partir 08 anos<\/p>\n","protected":false},"excerpt":{"rendered":"<p>Prepare-se para uma maratona de fofura! Cinco cachorrinhos super atl\u00e9ticos est\u00e3o prontos para competir em seus esportes favoritos &#8211; e&hellip;<\/p>\n","protected":false},"featured_media":339291,"comment_status":"open","ping_status":"closed","template":"","meta":[],"product_cat":[315,321],"product_tag":[],"_links":{"self":[{"href":"https:\/\/www.livrariarema.com.br\/loja\/wp-json\/wp\/v2\/product\/339292"}],"collection":[{"href":"https:\/\/www.livrariarema.com.br\/loja\/wp-json\/wp\/v2\/product"}],"about":[{"href":"https:\/\/www.livrariarema.com.br\/loja\/wp-json\/wp\/v2\/types\/product"}],"replies":[{"embeddable":true,"href":"https:\/\/www.livrariarema.com.br\/loja\/wp-json\/wp\/v2\/comments?post=339292"}],"wp:featuredmedia":[{"embeddable":true,"href":"https:\/\/www.livrariarema.com.br\/loja\/wp-json\/wp\/v2\/media\/339291"}],"wp:attachment":[{"href":"https:\/\/www.livrariarema.com.br\/loja\/wp-json\/wp\/v2\/media?parent=339292"}],"wp:term":[{"taxonomy":"product_cat","embeddable":true,"href":"https:\/\/www.livrariarema.com.br\/loja\/wp-json\/wp\/v2\/product_cat?post=339292"},{"taxonomy":"product_tag","embeddable":true,"href":"https:\/\/www.livrariarema.com.br\/loja\/wp-json\/wp\/v2\/product_tag?post=339292"}],"curies":[{"name":"wp","href":"https:\/\/api.w.org\/{rel}","templated":true}]}}