{"id":339504,"date":"2025-10-20T15:50:47","date_gmt":"2025-10-20T18:50:47","guid":{"rendered":"https:\/\/www.livrariarema.com.br\/loja\/produtos\/sem categoria\/guardioes-da-criacao-susana-klassen\/"},"modified":"2026-02-11T13:57:21","modified_gmt":"2026-02-11T16:57:21","slug":"guardioes-da-criacao-susana-klassen","status":"publish","type":"product","link":"https:\/\/www.livrariarema.com.br\/loja\/produtos\/livros\/infantil\/guardioes-da-criacao-susana-klassen\/","title":{"rendered":"Guardi\u00f5es Da Cria\u00e7\u00e3o &#8211; Susana Klassen"},"content":{"rendered":"<p>Da Amaz\u00f4nia \u00e0 Caatinga, do Cerrado \u00e0 Mata Atl\u00e2ntica, do Pantanal ao Pampa, Guardi\u00f5es da Cria\u00e7\u00e3o conduz os leitores em uma viagem apaixonante pelos biomas do Brasil. A cada p\u00e1gina, os guardi\u00f5es da natureza compartilham as belezas, os desafios e as esperan\u00e7as de sua regi\u00e3o.<\/p>\n","protected":false},"excerpt":{"rendered":"<p>Da Amaz\u00f4nia \u00e0 Caatinga, do Cerrado \u00e0 Mata Atl\u00e2ntica, do Pantanal ao Pampa, Guardi\u00f5es da Cria\u00e7\u00e3o conduz os leitores em&hellip;<\/p>\n","protected":false},"featured_media":344324,"comment_status":"open","ping_status":"closed","template":"","meta":[],"product_cat":[144,134],"product_tag":[],"_links":{"self":[{"href":"https:\/\/www.livrariarema.com.br\/loja\/wp-json\/wp\/v2\/product\/339504"}],"collection":[{"href":"https:\/\/www.livrariarema.com.br\/loja\/wp-json\/wp\/v2\/product"}],"about":[{"href":"https:\/\/www.livrariarema.com.br\/loja\/wp-json\/wp\/v2\/types\/product"}],"replies":[{"embeddable":true,"href":"https:\/\/www.livrariarema.com.br\/loja\/wp-json\/wp\/v2\/comments?post=339504"}],"wp:featuredmedia":[{"embeddable":true,"href":"https:\/\/www.livrariarema.com.br\/loja\/wp-json\/wp\/v2\/media\/344324"}],"wp:attachment":[{"href":"https:\/\/www.livrariarema.com.br\/loja\/wp-json\/wp\/v2\/media?parent=339504"}],"wp:term":[{"taxonomy":"product_cat","embeddable":true,"href":"https:\/\/www.livrariarema.com.br\/loja\/wp-json\/wp\/v2\/product_cat?post=339504"},{"taxonomy":"product_tag","embeddable":true,"href":"https:\/\/www.livrariarema.com.br\/loja\/wp-json\/wp\/v2\/product_tag?post=339504"}],"curies":[{"name":"wp","href":"https:\/\/api.w.org\/{rel}","templated":true}]}}