{"id":339759,"date":"2025-10-23T15:48:40","date_gmt":"2025-10-23T18:48:40","guid":{"rendered":"https:\/\/www.livrariarema.com.br\/loja\/produtos\/sem categoria\/meu-plano-perfeito-classica-couro-soft\/"},"modified":"2026-02-24T12:20:11","modified_gmt":"2026-02-24T15:20:11","slug":"meu-plano-perfeito-classica-couro-soft","status":"publish","type":"product","link":"https:\/\/www.livrariarema.com.br\/loja\/produtos\/papelaria\/agenda\/meu-plano-perfeito-classica-couro-soft\/","title":{"rendered":"Meu Plano Perfeito &#8211; Classica &#8211; Couro Soft"},"content":{"rendered":"<p>Neste planner anual n\u00e3o datado, a leitora encontra dicas e sugest\u00f5es pr\u00e1ticas para o seu dia a dia, a fim de ajud\u00e1-la a analisar suas necessidades e criar seu pr\u00f3prio planejamento com organiza\u00e7\u00e3o e estilo. Este planner \u00e9 muito completo, com conte\u00fados que ajudam a planejar melhor as atividades em todas as esferas da vida, seja em CASA, nos RELACIONAMENTOS, na F\u00c9, na VIDA PESSOAL ou no TRABALHO.<br \/>\nCom nova diagrama\u00e7\u00e3o e uma remodela\u00e7\u00e3o completa do planner (visual e de conte\u00fado!), o planner agora \u00e9 dividido em abas mensais, tornando mais f\u00e1cil criar novos h\u00e1bitos, organizar as finan\u00e7as e metas, anotar as tarefas, registrar os momentos com Deus e acompanhar o humor &#8211; tudo isso com a ajuda de cartelas de adesivos que incluem etiquetas totalmente personaliz\u00e1veis e diversos \u00edcones novos!<br \/>\nAl\u00e9m disso, cont\u00e9m uma aba extra com p\u00e1ginas em bullet journal que pode ser totalmente customizada.<\/p>\n","protected":false},"excerpt":{"rendered":"<p>Neste planner anual n\u00e3o datado, a leitora encontra dicas e sugest\u00f5es pr\u00e1ticas para o seu dia a dia, a fim&hellip;<\/p>\n","protected":false},"featured_media":345284,"comment_status":"open","ping_status":"closed","template":"","meta":[],"product_cat":[248,215],"product_tag":[],"_links":{"self":[{"href":"https:\/\/www.livrariarema.com.br\/loja\/wp-json\/wp\/v2\/product\/339759"}],"collection":[{"href":"https:\/\/www.livrariarema.com.br\/loja\/wp-json\/wp\/v2\/product"}],"about":[{"href":"https:\/\/www.livrariarema.com.br\/loja\/wp-json\/wp\/v2\/types\/product"}],"replies":[{"embeddable":true,"href":"https:\/\/www.livrariarema.com.br\/loja\/wp-json\/wp\/v2\/comments?post=339759"}],"wp:featuredmedia":[{"embeddable":true,"href":"https:\/\/www.livrariarema.com.br\/loja\/wp-json\/wp\/v2\/media\/345284"}],"wp:attachment":[{"href":"https:\/\/www.livrariarema.com.br\/loja\/wp-json\/wp\/v2\/media?parent=339759"}],"wp:term":[{"taxonomy":"product_cat","embeddable":true,"href":"https:\/\/www.livrariarema.com.br\/loja\/wp-json\/wp\/v2\/product_cat?post=339759"},{"taxonomy":"product_tag","embeddable":true,"href":"https:\/\/www.livrariarema.com.br\/loja\/wp-json\/wp\/v2\/product_tag?post=339759"}],"curies":[{"name":"wp","href":"https:\/\/api.w.org\/{rel}","templated":true}]}}