{"id":339782,"date":"2025-10-23T15:53:35","date_gmt":"2025-10-23T18:53:35","guid":{"rendered":"https:\/\/www.livrariarema.com.br\/loja\/produtos\/sem categoria\/caneca-de-porcelana-quadrada-temas-parabens-tudo-de-bom\/"},"modified":"2026-04-28T09:23:33","modified_gmt":"2026-04-28T12:23:33","slug":"caneca-de-porcelana-quadrada-temas-parabens-tudo-de-bom","status":"publish","type":"product","link":"https:\/\/www.livrariarema.com.br\/loja\/produtos\/diversos\/caneca\/caneca-de-porcelana-quadrada-temas-parabens-tudo-de-bom\/","title":{"rendered":"Caneca De Porcelana &#8211; Quadrada Temas &#8211; Parab\u00e9ns Tudo De Bom"},"content":{"rendered":"<p>Voc\u00ea \u00e9 do caf\u00e9 ou ch\u00e1? N\u00e3o importa, o que importa de verdade \u00e9 sempre manter o estilo na hora de tomar a sua bebida preferida. <\/p>\n<p>A CANECA PORCELANA QUADRADA s\u00e3o fabricadas em porcelana de alta qualidade que garante maior durabilidade durante seu uso.  Elas s\u00e3o um item essencial em qualquer caf\u00e9-da-manh\u00e3 ou lanchinho no meio da tarde e faz esse momento ficar ainda mais especial, com muito estilo e um formato diferenciado que vai deixar a sua bebida mais ousada.<\/p>\n<p>Caracter\u00edsticas:<br \/>\nAltura: 8,00 cm<br \/>\nDi\u00e2metro: 7,5cm<br \/>\nCapacidade: 220 ml<br \/>\nCont\u00e9m: 1 caneca<\/p>\n<p>Cuidados:<br \/>\nLavar com \u00e1gua e sab\u00e3o neutro<br \/>\nN\u00e3o utilizar produtos qu\u00edmicos e abrasivos<br \/>\nImpactos podem danificar o produto<br \/>\nPodem ser levados ao micro-ondas e a lava-lou\u00e7as.<\/p>\n","protected":false},"excerpt":{"rendered":"<p>Voc\u00ea \u00e9 do caf\u00e9 ou ch\u00e1? N\u00e3o importa, o que importa de verdade \u00e9 sempre manter o estilo na hora&hellip;<\/p>\n","protected":false},"featured_media":347312,"comment_status":"open","ping_status":"closed","template":"","meta":[],"product_cat":[235,132],"product_tag":[],"_links":{"self":[{"href":"https:\/\/www.livrariarema.com.br\/loja\/wp-json\/wp\/v2\/product\/339782"}],"collection":[{"href":"https:\/\/www.livrariarema.com.br\/loja\/wp-json\/wp\/v2\/product"}],"about":[{"href":"https:\/\/www.livrariarema.com.br\/loja\/wp-json\/wp\/v2\/types\/product"}],"replies":[{"embeddable":true,"href":"https:\/\/www.livrariarema.com.br\/loja\/wp-json\/wp\/v2\/comments?post=339782"}],"wp:featuredmedia":[{"embeddable":true,"href":"https:\/\/www.livrariarema.com.br\/loja\/wp-json\/wp\/v2\/media\/347312"}],"wp:attachment":[{"href":"https:\/\/www.livrariarema.com.br\/loja\/wp-json\/wp\/v2\/media?parent=339782"}],"wp:term":[{"taxonomy":"product_cat","embeddable":true,"href":"https:\/\/www.livrariarema.com.br\/loja\/wp-json\/wp\/v2\/product_cat?post=339782"},{"taxonomy":"product_tag","embeddable":true,"href":"https:\/\/www.livrariarema.com.br\/loja\/wp-json\/wp\/v2\/product_tag?post=339782"}],"curies":[{"name":"wp","href":"https:\/\/api.w.org\/{rel}","templated":true}]}}

Caneca De Porcelana &#8211; Quadrada Temas &#8211; Parabéns Tudo De Bom

<p>Você é do café ou chá? Não importa, o que importa de verdade é sempre manter o estilo na hora de tomar a sua bebida preferida. </p>
<p>A CANECA PORCELANA QUADRADA são fabricadas em porcelana de alta qualidade que garante maior durabilidade durante seu uso.  Elas são um item essencial em qualquer café-da-manhã ou lanchinho no meio da tarde e faz esse momento ficar ainda mais especial, com muito estilo e um formato diferenciado que vai deixar a sua bebida mais ousada.</p>
<p>Características:<br />
Altura: 8,00 cm<br />
Diâmetro: 7,5cm<br />
Capacidade: 220 ml<br />
Contém: 1 caneca</p>
<p>Cuidados:<br />
Lavar com água e sabão neutro<br />
Não utilizar produtos químicos e abrasivos<br />
Impactos podem danificar o produto<br />
Podem ser levados ao micro-ondas e a lava-louças.</p>

<p>Você é do café ou chá? Não importa, o que importa de verdade é sempre manter o estilo na hora&hellip;</p>
