{"id":339792,"date":"2025-10-23T15:54:44","date_gmt":"2025-10-23T18:54:44","guid":{"rendered":"https:\/\/www.livrariarema.com.br\/loja\/produtos\/sem categoria\/caneca-de-vidro-elegance-300ml-sua-presenca\/"},"modified":"2026-04-22T11:10:42","modified_gmt":"2026-04-22T14:10:42","slug":"caneca-de-vidro-elegance-300ml-sua-presenca","status":"publish","type":"product","link":"https:\/\/www.livrariarema.com.br\/loja\/produtos\/diversos\/caneca\/caneca-de-vidro-elegance-300ml-sua-presenca\/","title":{"rendered":"Caneca De Vidro &#8211; Elegance 300Ml &#8211; Sua Presen\u00e7a"},"content":{"rendered":"<p>A CANECA VIDRO ELEGANCE foi cuidadosamente projetada para aprimorar a sua experi\u00eancia ao apreciar o caf\u00e9. Com um design elegante e sofisticado, esta caneca de vidro \u00e9 uma escolha excepcional para manter a sua bebida na temperatura ideal, evitando que ela esfrie enquanto voc\u00ea a saboreia.<br \/>\nOs detalhes fazem toda a diferen\u00e7a, e a ELEGANCE n\u00e3o \u00e9 exce\u00e7\u00e3o. Esta caneca \u00e9 mais do que um simples recipiente para caf\u00e9, ela \u00e9 uma adi\u00e7\u00e3o elegante \u00e0 sua rotina di\u00e1ria. Seja para come\u00e7ar o dia com uma x\u00edcara de caf\u00e9 quente e revigorante ou para desfrutar de uma pausa relaxante, a CANECA VIDRO ELEGANCE est\u00e1 pronta para elevar o seu momento. Aprecie cada gole com uma caneca que reflete o seu gosto refinado e aprecia\u00e7\u00e3o pelo caf\u00e9 de qualidade.<\/p>\n","protected":false},"excerpt":{"rendered":"<p>A CANECA VIDRO ELEGANCE foi cuidadosamente projetada para aprimorar a sua experi\u00eancia ao apreciar o caf\u00e9. Com um design elegante&hellip;<\/p>\n","protected":false},"featured_media":339961,"comment_status":"open","ping_status":"closed","template":"","meta":[],"product_cat":[235,132],"product_tag":[],"_links":{"self":[{"href":"https:\/\/www.livrariarema.com.br\/loja\/wp-json\/wp\/v2\/product\/339792"}],"collection":[{"href":"https:\/\/www.livrariarema.com.br\/loja\/wp-json\/wp\/v2\/product"}],"about":[{"href":"https:\/\/www.livrariarema.com.br\/loja\/wp-json\/wp\/v2\/types\/product"}],"replies":[{"embeddable":true,"href":"https:\/\/www.livrariarema.com.br\/loja\/wp-json\/wp\/v2\/comments?post=339792"}],"wp:featuredmedia":[{"embeddable":true,"href":"https:\/\/www.livrariarema.com.br\/loja\/wp-json\/wp\/v2\/media\/339961"}],"wp:attachment":[{"href":"https:\/\/www.livrariarema.com.br\/loja\/wp-json\/wp\/v2\/media?parent=339792"}],"wp:term":[{"taxonomy":"product_cat","embeddable":true,"href":"https:\/\/www.livrariarema.com.br\/loja\/wp-json\/wp\/v2\/product_cat?post=339792"},{"taxonomy":"product_tag","embeddable":true,"href":"https:\/\/www.livrariarema.com.br\/loja\/wp-json\/wp\/v2\/product_tag?post=339792"}],"curies":[{"name":"wp","href":"https:\/\/api.w.org\/{rel}","templated":true}]}}