{"id":339861,"date":"2025-10-23T16:14:01","date_gmt":"2025-10-23T19:14:01","guid":{"rendered":"https:\/\/www.livrariarema.com.br\/loja\/produtos\/sem categoria\/caderno-de-criacao-selinhos-folhas-pretas-sem-pautas\/"},"modified":"2026-01-14T12:37:17","modified_gmt":"2026-01-14T15:37:17","slug":"caderno-de-criacao-selinhos-folhas-pretas-sem-pautas","status":"publish","type":"product","link":"https:\/\/www.livrariarema.com.br\/loja\/produtos\/papelaria\/caderno\/caderno-de-criacao-selinhos-folhas-pretas-sem-pautas\/","title":{"rendered":"Caderno De Cria\u00e7\u00e3o &#8211; Selinhos &#8211; Folhas Pretas &#8211; Sem Pautas"},"content":{"rendered":"<p>O Caderno de Cria\u00e7\u00e3o Selinhos \u00e9 um convite para colocar as ideias no papel com liberdade. Ideal para lettering, colagens e projetos criativos.<br \/>\nDetalhes:<br \/>\n* Capa dura<br \/>\n* Formato 23,5\u00d717,5cm<br \/>\n* Miolo com 30 folhas pretas<br \/>\n* Papel offset preto 180g\/m\u00b2<br \/>\n* Encaderna\u00e7\u00e3o wire-o<\/p>\n","protected":false},"excerpt":{"rendered":"<p>O Caderno de Cria\u00e7\u00e3o Selinhos \u00e9 um convite para colocar as ideias no papel com liberdade. Ideal para lettering, colagens&hellip;<\/p>\n","protected":false},"featured_media":340017,"comment_status":"open","ping_status":"closed","template":"","meta":[],"product_cat":[230,215],"product_tag":[],"_links":{"self":[{"href":"https:\/\/www.livrariarema.com.br\/loja\/wp-json\/wp\/v2\/product\/339861"}],"collection":[{"href":"https:\/\/www.livrariarema.com.br\/loja\/wp-json\/wp\/v2\/product"}],"about":[{"href":"https:\/\/www.livrariarema.com.br\/loja\/wp-json\/wp\/v2\/types\/product"}],"replies":[{"embeddable":true,"href":"https:\/\/www.livrariarema.com.br\/loja\/wp-json\/wp\/v2\/comments?post=339861"}],"wp:featuredmedia":[{"embeddable":true,"href":"https:\/\/www.livrariarema.com.br\/loja\/wp-json\/wp\/v2\/media\/340017"}],"wp:attachment":[{"href":"https:\/\/www.livrariarema.com.br\/loja\/wp-json\/wp\/v2\/media?parent=339861"}],"wp:term":[{"taxonomy":"product_cat","embeddable":true,"href":"https:\/\/www.livrariarema.com.br\/loja\/wp-json\/wp\/v2\/product_cat?post=339861"},{"taxonomy":"product_tag","embeddable":true,"href":"https:\/\/www.livrariarema.com.br\/loja\/wp-json\/wp\/v2\/product_tag?post=339861"}],"curies":[{"name":"wp","href":"https:\/\/api.w.org\/{rel}","templated":true}]}}