{"id":339871,"date":"2025-10-23T16:14:35","date_gmt":"2025-10-23T19:14:35","guid":{"rendered":"https:\/\/www.livrariarema.com.br\/loja\/produtos\/sem categoria\/diario-da-gratidao-floral-kraft\/"},"modified":"2026-03-04T16:52:39","modified_gmt":"2026-03-04T19:52:39","slug":"diario-da-gratidao-floral-kraft","status":"publish","type":"product","link":"https:\/\/www.livrariarema.com.br\/loja\/produtos\/papelaria\/diario\/diario-da-gratidao-floral-kraft\/","title":{"rendered":"Diario Da Gratid\u00e3o &#8211; Floral Kraft"},"content":{"rendered":"<p>Um convite di\u00e1rio para cultivar a gratid\u00e3o, registrar pequenas alegrias e fortalecer o bem-estar. Com miolo decorado, o Di\u00e1rio da Gratid\u00e3o acompanha suas reflex\u00f5es com leveza e inspira\u00e7\u00e3o.<br \/>\nDetalhes:<br \/>\n* Capa dura<br \/>\n* Miolo pautado e decorado com 80 folhas<br \/>\n* Papel offset 90g\/m\u00b2<br \/>\n* Formato 11,8\u00d717,5cm<br \/>\n* Encaderna\u00e7\u00e3o wire-o<br \/>\n* Acompanha pingente tassel e marcador de p\u00e1gina<\/p>\n","protected":false},"excerpt":{"rendered":"<p>Um convite di\u00e1rio para cultivar a gratid\u00e3o, registrar pequenas alegrias e fortalecer o bem-estar. Com miolo decorado, o Di\u00e1rio da&hellip;<\/p>\n","protected":false},"featured_media":340022,"comment_status":"open","ping_status":"closed","template":"","meta":[],"product_cat":[258,215],"product_tag":[],"_links":{"self":[{"href":"https:\/\/www.livrariarema.com.br\/loja\/wp-json\/wp\/v2\/product\/339871"}],"collection":[{"href":"https:\/\/www.livrariarema.com.br\/loja\/wp-json\/wp\/v2\/product"}],"about":[{"href":"https:\/\/www.livrariarema.com.br\/loja\/wp-json\/wp\/v2\/types\/product"}],"replies":[{"embeddable":true,"href":"https:\/\/www.livrariarema.com.br\/loja\/wp-json\/wp\/v2\/comments?post=339871"}],"wp:featuredmedia":[{"embeddable":true,"href":"https:\/\/www.livrariarema.com.br\/loja\/wp-json\/wp\/v2\/media\/340022"}],"wp:attachment":[{"href":"https:\/\/www.livrariarema.com.br\/loja\/wp-json\/wp\/v2\/media?parent=339871"}],"wp:term":[{"taxonomy":"product_cat","embeddable":true,"href":"https:\/\/www.livrariarema.com.br\/loja\/wp-json\/wp\/v2\/product_cat?post=339871"},{"taxonomy":"product_tag","embeddable":true,"href":"https:\/\/www.livrariarema.com.br\/loja\/wp-json\/wp\/v2\/product_tag?post=339871"}],"curies":[{"name":"wp","href":"https:\/\/api.w.org\/{rel}","templated":true}]}}

Diario Da Gratidão &#8211; Floral Kraft

<p>Um convite diário para cultivar a gratidão, registrar pequenas alegrias e fortalecer o bem-estar. Com miolo decorado, o Diário da Gratidão acompanha suas reflexões com leveza e inspiração.<br />
Detalhes:<br />
* Capa dura<br />
* Miolo pautado e decorado com 80 folhas<br />
* Papel offset 90g/m²<br />
* Formato 11,8×17,5cm<br />
* Encadernação wire-o<br />
* Acompanha pingente tassel e marcador de página</p>

<p>Um convite diário para cultivar a gratidão, registrar pequenas alegrias e fortalecer o bem-estar. Com miolo decorado, o Diário da&hellip;</p>
