{"id":340516,"date":"2025-11-04T08:40:53","date_gmt":"2025-11-04T11:40:53","guid":{"rendered":"https:\/\/www.livrariarema.com.br\/loja\/produtos\/sem categoria\/que-causa-a-queda-de-homens-de-deus-o-domingos-jardim\/"},"modified":"2026-03-04T15:29:16","modified_gmt":"2026-03-04T18:29:16","slug":"que-causa-a-queda-de-homens-de-deus-o-domingos-jardim","status":"publish","type":"product","link":"https:\/\/www.livrariarema.com.br\/loja\/produtos\/livros\/vida-crista\/que-causa-a-queda-de-homens-de-deus-o-domingos-jardim\/","title":{"rendered":"Que Causa A Queda De Homens De Deus, O &#8211; Domingos Jardim"},"content":{"rendered":"<p>Come\u00e7ar bem \u00e9 normal. Terminar bem \u00e9 sobrenatural.Ao longo da hist\u00f3ria b\u00edblica e da Igreja, muitos homens e mulheres iniciaram sua caminhada com Deus cheios de f\u00e9, paix\u00e3o e prop\u00f3sito. Entretanto, apenas uma parte deles conseguiu cruzar a linha de chegada aprovados em Cristo. O que explica esse contraste t\u00e3o marcante?<\/p>\n<p>Em O que causa a queda de homens de Deus, o pastor Domingos Jardim traz uma an\u00e1lise profunda, pr\u00e1tica e b\u00edblica sobre as armadilhas que t\u00eam levado l\u00edderes e servos de Deus \u00e0 ru\u00edna espiritual e ministerial. Baseado em d\u00e9cadas de experi\u00eancia pastoral e no testemunho das Escrituras, o autor exp\u00f5e as principais causas da queda e mostra, ao mesmo tempo, o caminho seguro para permanecer de p\u00e9 at\u00e9 o fim.<\/p>\n<p>Se voc\u00ea \u00e9 l\u00edder, pastor, discipulador ou simplesmente deseja terminar sua jornada crist\u00e3 aprovado diante do Pai, esta leitura \u00e9 indispens\u00e1vel. Mais do que evitar a queda, ela lhe mostrar\u00e1 como viver em santidade, perseveran\u00e7a e integridade, honrando a Deus at\u00e9 o \u00faltimo dia.<\/p>\n","protected":false},"excerpt":{"rendered":"<p>Come\u00e7ar bem \u00e9 normal. Terminar bem \u00e9 sobrenatural.Ao longo da hist\u00f3ria b\u00edblica e da Igreja, muitos homens e mulheres iniciaram&hellip;<\/p>\n","protected":false},"featured_media":345855,"comment_status":"open","ping_status":"closed","template":"","meta":[],"product_cat":[134,137],"product_tag":[],"_links":{"self":[{"href":"https:\/\/www.livrariarema.com.br\/loja\/wp-json\/wp\/v2\/product\/340516"}],"collection":[{"href":"https:\/\/www.livrariarema.com.br\/loja\/wp-json\/wp\/v2\/product"}],"about":[{"href":"https:\/\/www.livrariarema.com.br\/loja\/wp-json\/wp\/v2\/types\/product"}],"replies":[{"embeddable":true,"href":"https:\/\/www.livrariarema.com.br\/loja\/wp-json\/wp\/v2\/comments?post=340516"}],"wp:featuredmedia":[{"embeddable":true,"href":"https:\/\/www.livrariarema.com.br\/loja\/wp-json\/wp\/v2\/media\/345855"}],"wp:attachment":[{"href":"https:\/\/www.livrariarema.com.br\/loja\/wp-json\/wp\/v2\/media?parent=340516"}],"wp:term":[{"taxonomy":"product_cat","embeddable":true,"href":"https:\/\/www.livrariarema.com.br\/loja\/wp-json\/wp\/v2\/product_cat?post=340516"},{"taxonomy":"product_tag","embeddable":true,"href":"https:\/\/www.livrariarema.com.br\/loja\/wp-json\/wp\/v2\/product_tag?post=340516"}],"curies":[{"name":"wp","href":"https:\/\/api.w.org\/{rel}","templated":true}]}}