{"id":341240,"date":"2025-11-24T12:20:08","date_gmt":"2025-11-24T15:20:08","guid":{"rendered":"https:\/\/www.livrariarema.com.br\/loja\/produtos\/sem categoria\/o-bosque-dos-sentimentos-adeus-inquietacao-ola-tranquilidade\/"},"modified":"2026-04-04T13:11:07","modified_gmt":"2026-04-04T16:11:07","slug":"o-bosque-dos-sentimentos-adeus-inquietacao-ola-tranquilidade","status":"publish","type":"product","link":"https:\/\/www.livrariarema.com.br\/loja\/produtos\/livros\/infantil\/o-bosque-dos-sentimentos-adeus-inquietacao-ola-tranquilidade\/","title":{"rendered":"O Bosque Dos Sentimentos &#8211; Adeus, Inquieta\u00e7\u00e3o. Ol\u00e1, Tranquilidade!"},"content":{"rendered":"<p>Hoje n\u00e3o foi um bom dia para a lebre Maya. Tudo parecia dar errado, e ela acabou perdendo a paci\u00eancia com quem mais gostava. Agora, o arrependimento n\u00e3o sai de sua cabe\u00e7a, e ela queria poder simplesmente desaparecer. Mas ser\u00e1 que os problemas s\u00e3o mesmo t\u00e3o grandes quanto parecem? \u00c0s vezes, o que parece uma montanha enorme \u00e9, na verdade, s\u00f3 uma pedrinha no caminho. Com carinho e tempo, Maya vai descobrir que todo mundo tem dias dif\u00edceis &#8211; e que sempre \u00e9 poss\u00edvel recome\u00e7ar.<\/p>\n","protected":false},"excerpt":{"rendered":"<p>Hoje n\u00e3o foi um bom dia para a lebre Maya. Tudo parecia dar errado, e ela acabou perdendo a paci\u00eancia&hellip;<\/p>\n","protected":false},"featured_media":346532,"comment_status":"open","ping_status":"closed","template":"","meta":[],"product_cat":[144,134],"product_tag":[],"_links":{"self":[{"href":"https:\/\/www.livrariarema.com.br\/loja\/wp-json\/wp\/v2\/product\/341240"}],"collection":[{"href":"https:\/\/www.livrariarema.com.br\/loja\/wp-json\/wp\/v2\/product"}],"about":[{"href":"https:\/\/www.livrariarema.com.br\/loja\/wp-json\/wp\/v2\/types\/product"}],"replies":[{"embeddable":true,"href":"https:\/\/www.livrariarema.com.br\/loja\/wp-json\/wp\/v2\/comments?post=341240"}],"wp:featuredmedia":[{"embeddable":true,"href":"https:\/\/www.livrariarema.com.br\/loja\/wp-json\/wp\/v2\/media\/346532"}],"wp:attachment":[{"href":"https:\/\/www.livrariarema.com.br\/loja\/wp-json\/wp\/v2\/media?parent=341240"}],"wp:term":[{"taxonomy":"product_cat","embeddable":true,"href":"https:\/\/www.livrariarema.com.br\/loja\/wp-json\/wp\/v2\/product_cat?post=341240"},{"taxonomy":"product_tag","embeddable":true,"href":"https:\/\/www.livrariarema.com.br\/loja\/wp-json\/wp\/v2\/product_tag?post=341240"}],"curies":[{"name":"wp","href":"https:\/\/api.w.org\/{rel}","templated":true}]}}