{"id":341257,"date":"2025-11-24T12:21:49","date_gmt":"2025-11-24T15:21:49","guid":{"rendered":"https:\/\/www.livrariarema.com.br\/loja\/produtos\/sem categoria\/livro-adesivos-minha-biblia-com-adesivos-brilhantes-amigos-da-biblia\/"},"modified":"2026-04-27T18:00:29","modified_gmt":"2026-04-27T21:00:29","slug":"livro-adesivos-minha-biblia-com-adesivos-brilhantes-amigos-da-biblia","status":"publish","type":"product","link":"https:\/\/www.livrariarema.com.br\/loja\/produtos\/livros\/didatico\/livro-adesivos-minha-biblia-com-adesivos-brilhantes-amigos-da-biblia\/","title":{"rendered":"Livro Adesivos &#8211; Minha B\u00edblia Com Adesivos Brilhantes &#8211; Amigos Da B\u00edblia"},"content":{"rendered":"<p>Prepare-se para muita divers\u00e3o, completando as cenas b\u00edblicas com os adesivos brilhantes! Quem n\u00e3o ama adesivos? Com os adesivos brilhantes, as hist\u00f3rias sobre amizade e amor fraterno ganhar\u00e3o mais cores, e voc\u00ea vai se encantar!<\/p>\n","protected":false},"excerpt":{"rendered":"<p>Prepare-se para muita divers\u00e3o, completando as cenas b\u00edblicas com os adesivos brilhantes! Quem n\u00e3o ama adesivos? Com os adesivos brilhantes,&hellip;<\/p>\n","protected":false},"featured_media":346540,"comment_status":"open","ping_status":"closed","template":"","meta":[],"product_cat":[185,134],"product_tag":[],"_links":{"self":[{"href":"https:\/\/www.livrariarema.com.br\/loja\/wp-json\/wp\/v2\/product\/341257"}],"collection":[{"href":"https:\/\/www.livrariarema.com.br\/loja\/wp-json\/wp\/v2\/product"}],"about":[{"href":"https:\/\/www.livrariarema.com.br\/loja\/wp-json\/wp\/v2\/types\/product"}],"replies":[{"embeddable":true,"href":"https:\/\/www.livrariarema.com.br\/loja\/wp-json\/wp\/v2\/comments?post=341257"}],"wp:featuredmedia":[{"embeddable":true,"href":"https:\/\/www.livrariarema.com.br\/loja\/wp-json\/wp\/v2\/media\/346540"}],"wp:attachment":[{"href":"https:\/\/www.livrariarema.com.br\/loja\/wp-json\/wp\/v2\/media?parent=341257"}],"wp:term":[{"taxonomy":"product_cat","embeddable":true,"href":"https:\/\/www.livrariarema.com.br\/loja\/wp-json\/wp\/v2\/product_cat?post=341257"},{"taxonomy":"product_tag","embeddable":true,"href":"https:\/\/www.livrariarema.com.br\/loja\/wp-json\/wp\/v2\/product_tag?post=341257"}],"curies":[{"name":"wp","href":"https:\/\/api.w.org\/{rel}","templated":true}]}}