{"id":341259,"date":"2025-11-24T12:21:56","date_gmt":"2025-11-24T15:21:56","guid":{"rendered":"https:\/\/www.livrariarema.com.br\/loja\/produtos\/sem categoria\/livro-adesivos-minha-biblia-com-adesivos-brilhantes-a-vida-de-jesus\/"},"modified":"2026-04-01T10:11:38","modified_gmt":"2026-04-01T13:11:38","slug":"livro-adesivos-minha-biblia-com-adesivos-brilhantes-a-vida-de-jesus","status":"publish","type":"product","link":"https:\/\/www.livrariarema.com.br\/loja\/produtos\/livros\/didatico\/livro-adesivos-minha-biblia-com-adesivos-brilhantes-a-vida-de-jesus\/","title":{"rendered":"Livro Adesivos &#8211; Minha B\u00edblia Com Adesivos Brilhantes &#8211; A Vida De Jesus"},"content":{"rendered":"<p>Prepare-se para muita divers\u00e3o, completando as cenas b\u00edblicas com os adesivos brilhantes!Quem n\u00e3o ama adesivos?Com os adesivos brilhantes, as hist\u00f3rias sobre a vida de Jesus ganhar\u00e3o mais cores, e voc\u00ea vai se encantar!<\/p>\n","protected":false},"excerpt":{"rendered":"<p>Prepare-se para muita divers\u00e3o, completando as cenas b\u00edblicas com os adesivos brilhantes!Quem n\u00e3o ama adesivos?Com os adesivos brilhantes, as hist\u00f3rias&hellip;<\/p>\n","protected":false},"featured_media":346541,"comment_status":"open","ping_status":"closed","template":"","meta":[],"product_cat":[185,134],"product_tag":[],"_links":{"self":[{"href":"https:\/\/www.livrariarema.com.br\/loja\/wp-json\/wp\/v2\/product\/341259"}],"collection":[{"href":"https:\/\/www.livrariarema.com.br\/loja\/wp-json\/wp\/v2\/product"}],"about":[{"href":"https:\/\/www.livrariarema.com.br\/loja\/wp-json\/wp\/v2\/types\/product"}],"replies":[{"embeddable":true,"href":"https:\/\/www.livrariarema.com.br\/loja\/wp-json\/wp\/v2\/comments?post=341259"}],"wp:featuredmedia":[{"embeddable":true,"href":"https:\/\/www.livrariarema.com.br\/loja\/wp-json\/wp\/v2\/media\/346541"}],"wp:attachment":[{"href":"https:\/\/www.livrariarema.com.br\/loja\/wp-json\/wp\/v2\/media?parent=341259"}],"wp:term":[{"taxonomy":"product_cat","embeddable":true,"href":"https:\/\/www.livrariarema.com.br\/loja\/wp-json\/wp\/v2\/product_cat?post=341259"},{"taxonomy":"product_tag","embeddable":true,"href":"https:\/\/www.livrariarema.com.br\/loja\/wp-json\/wp\/v2\/product_tag?post=341259"}],"curies":[{"name":"wp","href":"https:\/\/api.w.org\/{rel}","templated":true}]}}