{"id":341279,"date":"2025-11-24T12:23:53","date_gmt":"2025-11-24T15:23:53","guid":{"rendered":"https:\/\/www.livrariarema.com.br\/loja\/produtos\/sem categoria\/cartonado-a-arca-de-noe-com-abas-desdobravel\/"},"modified":"2025-12-29T12:50:29","modified_gmt":"2025-12-29T15:50:29","slug":"cartonado-a-arca-de-noe-com-abas-desdobravel","status":"publish","type":"product","link":"https:\/\/www.livrariarema.com.br\/loja\/produtos\/livros\/infantil\/cartonado-a-arca-de-noe-com-abas-desdobravel\/","title":{"rendered":"Cartonado &#8211; A Arca De No\u00e9 &#8211; Com Abas Desdobr\u00e1vel"},"content":{"rendered":"<p>Encante-se com a hist\u00f3ria da arca de No\u00e9 neste livro desdobr\u00e1vel. Voc\u00ea acompanhar\u00e1 No\u00e9, que acaba de receber uma grande miss\u00e3o de Deus, e tamb\u00e9m encontrar\u00e1 a fam\u00edlia dele e muitos animais diferentes, que est\u00e3o prestes a participar de algo realmente incr\u00edvel. O que ser\u00e1? Desdobre as abas e descubra!<\/p>\n","protected":false},"excerpt":{"rendered":"<p>Encante-se com a hist\u00f3ria da arca de No\u00e9 neste livro desdobr\u00e1vel. Voc\u00ea acompanhar\u00e1 No\u00e9, que acaba de receber uma grande&hellip;<\/p>\n","protected":false},"featured_media":341278,"comment_status":"open","ping_status":"closed","template":"","meta":[],"product_cat":[144,134],"product_tag":[],"_links":{"self":[{"href":"https:\/\/www.livrariarema.com.br\/loja\/wp-json\/wp\/v2\/product\/341279"}],"collection":[{"href":"https:\/\/www.livrariarema.com.br\/loja\/wp-json\/wp\/v2\/product"}],"about":[{"href":"https:\/\/www.livrariarema.com.br\/loja\/wp-json\/wp\/v2\/types\/product"}],"replies":[{"embeddable":true,"href":"https:\/\/www.livrariarema.com.br\/loja\/wp-json\/wp\/v2\/comments?post=341279"}],"wp:featuredmedia":[{"embeddable":true,"href":"https:\/\/www.livrariarema.com.br\/loja\/wp-json\/wp\/v2\/media\/341278"}],"wp:attachment":[{"href":"https:\/\/www.livrariarema.com.br\/loja\/wp-json\/wp\/v2\/media?parent=341279"}],"wp:term":[{"taxonomy":"product_cat","embeddable":true,"href":"https:\/\/www.livrariarema.com.br\/loja\/wp-json\/wp\/v2\/product_cat?post=341279"},{"taxonomy":"product_tag","embeddable":true,"href":"https:\/\/www.livrariarema.com.br\/loja\/wp-json\/wp\/v2\/product_tag?post=341279"}],"curies":[{"name":"wp","href":"https:\/\/api.w.org\/{rel}","templated":true}]}}