{"id":341284,"date":"2025-11-24T12:24:30","date_gmt":"2025-11-24T15:24:30","guid":{"rendered":"https:\/\/www.livrariarema.com.br\/loja\/produtos\/sem%20categoria\/deus-voce-e-eu-devocional-infantil-lu-burger\/"},"modified":"2026-03-24T11:13:04","modified_gmt":"2026-03-24T14:13:04","slug":"deus-voce-e-eu-devocional-infantil-lu-burger","status":"publish","type":"product","link":"https:\/\/www.livrariarema.com.br\/loja\/produtos\/livros\/devocional\/deus-voce-e-eu-devocional-infantil-lu-burger\/","title":{"rendered":"Deus, Voc\u00ea E Eu &#8211; Devocional Infantil &#8211; Lu Burger"},"content":{"rendered":"<p>Desperte a f\u00e9 e a alegria todos os dias!Imagine um ano inteiro de descobertas e aprendizados com Deus. &#8220;Meu Devocional de 365 Dias&#8221; \u00e9 um convite encantador para crian\u00e7as explorarem a B\u00edblia de uma forma divertida e acess\u00edvel.A cada manh\u00e3, uma nova mensagem b\u00edblica, um vers\u00edculo inspirador e um di\u00e1logo especial aguardam os pequenos cora\u00e7\u00f5es, guiando-os em uma jornada de f\u00e9, amor e valores crist\u00e3os. S\u00e3o 365 momentos preciosos para construir um relacionamento di\u00e1rio com Deus, fortalecer a espiritualidade e entender os ensinamentos que transformam vidas.Perfeito para pais, educadores e todas as crian\u00e7as que desejam crescer na gra\u00e7a e no conhecimento do Senhor.Embarque nesta aventura di\u00e1ria com Jesus!<\/p>\n","protected":false},"excerpt":{"rendered":"<p>Desperte a f\u00e9 e a alegria todos os dias!Imagine um ano inteiro de descobertas e aprendizados com Deus. &#8220;Meu Devocional&hellip;<\/p>\n","protected":false},"featured_media":346555,"comment_status":"open","ping_status":"closed","template":"","meta":[],"product_cat":[158,134],"product_tag":[],"_links":{"self":[{"href":"https:\/\/www.livrariarema.com.br\/loja\/wp-json\/wp\/v2\/product\/341284"}],"collection":[{"href":"https:\/\/www.livrariarema.com.br\/loja\/wp-json\/wp\/v2\/product"}],"about":[{"href":"https:\/\/www.livrariarema.com.br\/loja\/wp-json\/wp\/v2\/types\/product"}],"replies":[{"embeddable":true,"href":"https:\/\/www.livrariarema.com.br\/loja\/wp-json\/wp\/v2\/comments?post=341284"}],"wp:featuredmedia":[{"embeddable":true,"href":"https:\/\/www.livrariarema.com.br\/loja\/wp-json\/wp\/v2\/media\/346555"}],"wp:attachment":[{"href":"https:\/\/www.livrariarema.com.br\/loja\/wp-json\/wp\/v2\/media?parent=341284"}],"wp:term":[{"taxonomy":"product_cat","embeddable":true,"href":"https:\/\/www.livrariarema.com.br\/loja\/wp-json\/wp\/v2\/product_cat?post=341284"},{"taxonomy":"product_tag","embeddable":true,"href":"https:\/\/www.livrariarema.com.br\/loja\/wp-json\/wp\/v2\/product_tag?post=341284"}],"curies":[{"name":"wp","href":"https:\/\/api.w.org\/{rel}","templated":true}]}}