{"id":341363,"date":"2025-11-24T12:33:25","date_gmt":"2025-11-24T15:33:25","guid":{"rendered":"https:\/\/www.livrariarema.com.br\/loja\/produtos\/sem categoria\/crescimento-espiritual-como-alcancar-a-maturidade-em-cristo-conrad-mbewe\/"},"modified":"2026-03-16T13:31:13","modified_gmt":"2026-03-16T16:31:13","slug":"crescimento-espiritual-como-alcancar-a-maturidade-em-cristo-conrad-mbewe","status":"publish","type":"product","link":"https:\/\/www.livrariarema.com.br\/loja\/produtos\/livros\/crescimento-espiritual\/crescimento-espiritual-como-alcancar-a-maturidade-em-cristo-conrad-mbewe\/","title":{"rendered":"Crescimento Espiritual: Como Alcan\u00e7ar A Maturidade Em Cristo &#8211; Conrad Mbewe"},"content":{"rendered":"<p>VOC\u00ca J\u00c1 FOI UM CRIST\u00c3O MELHOR DO QUE \u00c9 HOJE?<\/p>\n<p>Muitos crist\u00e3os imaginam que uma vida crist\u00e3 digna de um gigante na f\u00e9 \u00e9 um ideal desej\u00e1vel, mas n\u00e3o necess\u00e1rio; \u00e9 um padr\u00e3o long\u00ednquo demais para nos preocuparmos em atingi-lo. Eles est\u00e3o contentes em expressar sua devo\u00e7\u00e3o a Deus meramente frequentando os cultos (ocasionalmente), mas n\u00e3o acham que \u00e9 preciso ser radicalmente diferentes do mundo. Eles est\u00e3o felizes por ter o seu ingresso para o C\u00e9u, mas falham em cumprir sua responsabilidade de crescer espiritualmente agora. Em vista dessa neglig\u00eancia muito comum, Conrad Mbewe nos encoraja a buscarmos uma vida frut\u00edfera por meio da considera\u00e7\u00e3o tanto da maneira como Deus equipa os crist\u00e3os para que cres\u00e7am quanto do valor do esfor\u00e7o diligente para nos tornarmos piedosos. Baseado em 2 Pedro 1, este livro \u00e9 um desafio urgente para que os crist\u00e3os continuem crescendo e, pelo bem de sua alma, n\u00e3o se conformem com uma vida crist\u00e3 marcada pela estagna\u00e7\u00e3o ou decl\u00ednio.<\/p>\n","protected":false},"excerpt":{"rendered":"<p>VOC\u00ca J\u00c1 FOI UM CRIST\u00c3O MELHOR DO QUE \u00c9 HOJE? Muitos crist\u00e3os imaginam que uma vida crist\u00e3 digna de um&hellip;<\/p>\n","protected":false},"featured_media":346321,"comment_status":"open","ping_status":"closed","template":"","meta":[],"product_cat":[147,134],"product_tag":[],"_links":{"self":[{"href":"https:\/\/www.livrariarema.com.br\/loja\/wp-json\/wp\/v2\/product\/341363"}],"collection":[{"href":"https:\/\/www.livrariarema.com.br\/loja\/wp-json\/wp\/v2\/product"}],"about":[{"href":"https:\/\/www.livrariarema.com.br\/loja\/wp-json\/wp\/v2\/types\/product"}],"replies":[{"embeddable":true,"href":"https:\/\/www.livrariarema.com.br\/loja\/wp-json\/wp\/v2\/comments?post=341363"}],"wp:featuredmedia":[{"embeddable":true,"href":"https:\/\/www.livrariarema.com.br\/loja\/wp-json\/wp\/v2\/media\/346321"}],"wp:attachment":[{"href":"https:\/\/www.livrariarema.com.br\/loja\/wp-json\/wp\/v2\/media?parent=341363"}],"wp:term":[{"taxonomy":"product_cat","embeddable":true,"href":"https:\/\/www.livrariarema.com.br\/loja\/wp-json\/wp\/v2\/product_cat?post=341363"},{"taxonomy":"product_tag","embeddable":true,"href":"https:\/\/www.livrariarema.com.br\/loja\/wp-json\/wp\/v2\/product_tag?post=341363"}],"curies":[{"name":"wp","href":"https:\/\/api.w.org\/{rel}","templated":true}]}}