{"id":341555,"date":"2025-11-27T11:06:18","date_gmt":"2025-11-27T14:06:18","guid":{"rendered":"https:\/\/www.livrariarema.com.br\/loja\/produtos\/sem%20categoria\/back-to-jerusalem-eugene-bach\/"},"modified":"2026-04-28T12:52:33","modified_gmt":"2026-04-28T15:52:33","slug":"back-to-jerusalem-eugene-bach","status":"publish","type":"product","link":"https:\/\/www.livrariarema.com.br\/loja\/produtos\/livros\/biografia\/back-to-jerusalem-eugene-bach\/","title":{"rendered":"Back To Jerusal\u00e9m &#8211; Eugene Bach"},"content":{"rendered":"<p>Este livro \u00e9 um campo de treinamento espiritual que, esperamos, ir\u00e1 recondicionar sua vida para que voc\u00ea se concentre nos perdidos que nunca ouviram o nome de Jesus Cristo.<\/p>\n<p>&#8220;Back to Jerusal\u00e9m&#8221; n\u00e3o \u00e9 um programa de 12 passos para ajud\u00e1-lo a ter um relacionamento mais pr\u00f3ximo com Jesus. Ele pode ser o \u00fanico livro que voc\u00ea j\u00e1 tenha adquirido que n\u00e3o se dedica a faz\u00ea-lo pensar mais sobre sua vida, seu minist\u00e9rio, seu valor ou seus relacionamentos. Em vez disso, o foco \u00e9 ajud\u00e1-lo a se identificar com a igreja perseguida na China e a aprender as li\u00e7\u00f5es dos santos sofredores ao redor do mundo. Infelizmente, identificar-se com a Igreja sofredora n\u00e3o se realiza atrav\u00e9s de uma dose di\u00e1ria de vers\u00edculos a\u00e7ucarados e ora\u00e7\u00f5es leves que fazem todos se sentirem intimamente aquecidos e felizes.<\/p>\n<p>N\u00f3s o encorajamos a extrair deste livro li\u00e7\u00f5es que o far\u00e3o crescer, \u00e0 medida que ler sobre os cora\u00e7\u00f5es e vidas de crist\u00e3os perseguidos, ao longo da extensa e sangrenta estrada da China at\u00e9 Jerusal\u00e9m. Que estes testemunhos e li\u00e7\u00f5es o desafiem a morrer para si mesmo e viver para a gl\u00f3ria de Deus.<\/p>\n","protected":false},"excerpt":{"rendered":"<p>Este livro \u00e9 um campo de treinamento espiritual que, esperamos, ir\u00e1 recondicionar sua vida para que voc\u00ea se concentre nos&hellip;<\/p>\n","protected":false},"featured_media":347450,"comment_status":"open","ping_status":"closed","template":"","meta":[],"product_cat":[181,134],"product_tag":[],"_links":{"self":[{"href":"https:\/\/www.livrariarema.com.br\/loja\/wp-json\/wp\/v2\/product\/341555"}],"collection":[{"href":"https:\/\/www.livrariarema.com.br\/loja\/wp-json\/wp\/v2\/product"}],"about":[{"href":"https:\/\/www.livrariarema.com.br\/loja\/wp-json\/wp\/v2\/types\/product"}],"replies":[{"embeddable":true,"href":"https:\/\/www.livrariarema.com.br\/loja\/wp-json\/wp\/v2\/comments?post=341555"}],"wp:featuredmedia":[{"embeddable":true,"href":"https:\/\/www.livrariarema.com.br\/loja\/wp-json\/wp\/v2\/media\/347450"}],"wp:attachment":[{"href":"https:\/\/www.livrariarema.com.br\/loja\/wp-json\/wp\/v2\/media?parent=341555"}],"wp:term":[{"taxonomy":"product_cat","embeddable":true,"href":"https:\/\/www.livrariarema.com.br\/loja\/wp-json\/wp\/v2\/product_cat?post=341555"},{"taxonomy":"product_tag","embeddable":true,"href":"https:\/\/www.livrariarema.com.br\/loja\/wp-json\/wp\/v2\/product_tag?post=341555"}],"curies":[{"name":"wp","href":"https:\/\/api.w.org\/{rel}","templated":true}]}}