{"id":341563,"date":"2025-11-27T11:07:52","date_gmt":"2025-11-27T14:07:52","guid":{"rendered":"https:\/\/www.livrariarema.com.br\/loja\/produtos\/sem categoria\/paginas-e-vidas-diversos-autores\/"},"modified":"2026-02-18T13:39:08","modified_gmt":"2026-02-18T16:39:08","slug":"paginas-e-vidas-diversos-autores","status":"publish","type":"product","link":"https:\/\/www.livrariarema.com.br\/loja\/produtos\/livros\/ficcao\/paginas-e-vidas-diversos-autores\/","title":{"rendered":"P\u00e1ginas E Vidas &#8211; Diversos Autores"},"content":{"rendered":"<p>Treze mulheres, treze hist\u00f3rias, um s\u00f3 prop\u00f3sito: Glorificar a Deus atrav\u00e9s de suas jornadas.<\/p>\n","protected":false},"excerpt":{"rendered":"<p>Treze mulheres, treze hist\u00f3rias, um s\u00f3 prop\u00f3sito: Glorificar a Deus atrav\u00e9s de suas jornadas.<\/p>\n","protected":false},"featured_media":342339,"comment_status":"open","ping_status":"closed","template":"","meta":[],"product_cat":[162,134],"product_tag":[],"_links":{"self":[{"href":"https:\/\/www.livrariarema.com.br\/loja\/wp-json\/wp\/v2\/product\/341563"}],"collection":[{"href":"https:\/\/www.livrariarema.com.br\/loja\/wp-json\/wp\/v2\/product"}],"about":[{"href":"https:\/\/www.livrariarema.com.br\/loja\/wp-json\/wp\/v2\/types\/product"}],"replies":[{"embeddable":true,"href":"https:\/\/www.livrariarema.com.br\/loja\/wp-json\/wp\/v2\/comments?post=341563"}],"wp:featuredmedia":[{"embeddable":true,"href":"https:\/\/www.livrariarema.com.br\/loja\/wp-json\/wp\/v2\/media\/342339"}],"wp:attachment":[{"href":"https:\/\/www.livrariarema.com.br\/loja\/wp-json\/wp\/v2\/media?parent=341563"}],"wp:term":[{"taxonomy":"product_cat","embeddable":true,"href":"https:\/\/www.livrariarema.com.br\/loja\/wp-json\/wp\/v2\/product_cat?post=341563"},{"taxonomy":"product_tag","embeddable":true,"href":"https:\/\/www.livrariarema.com.br\/loja\/wp-json\/wp\/v2\/product_tag?post=341563"}],"curies":[{"name":"wp","href":"https:\/\/api.w.org\/{rel}","templated":true}]}}