{"id":341568,"date":"2025-11-27T11:11:44","date_gmt":"2025-11-27T14:11:44","guid":{"rendered":"https:\/\/www.livrariarema.com.br\/loja\/produtos\/sem categoria\/seja-um-lider-de-verdade-john-haggai\/"},"modified":"2026-03-04T15:28:58","modified_gmt":"2026-03-04T18:28:58","slug":"seja-um-lider-de-verdade-john-haggai","status":"publish","type":"product","link":"https:\/\/www.livrariarema.com.br\/loja\/produtos\/promocao\/livros-promocao\/seja-um-lider-de-verdade-john-haggai\/","title":{"rendered":"Seja Um Lider De Verdade &#8211; John Haggai"},"content":{"rendered":"<p>O mundo est\u00e1 desesperado para encontrar verdadeiros l\u00edderes. A sociedade, em todas as suas camadas, necessita de homens e mulheres de vis\u00e3o, que inspirem confian\u00e7a em seus seguidores e que possam conduzir grupos na conquista de benef\u00edcios significativos e permanentes, que atendam \u00e0s reais necessidades dos povos e das na\u00e7\u00f5es. Doze princ\u00edpios de f\u00e1cil assimila\u00e7\u00e3o, apresentados por um especialista no treinamento de l\u00edderes no \u00e2mbito profissional, ministerial e familiar. Aprenda e desenvolva esses princ\u00edpios e ver\u00e1 como sua lideran\u00e7a ser\u00e1 aprimorada. Voc\u00ea ser\u00e1 um l\u00edder de verdade!<\/p>\n","protected":false},"excerpt":{"rendered":"<p>O mundo est\u00e1 desesperado para encontrar verdadeiros l\u00edderes. A sociedade, em todas as suas camadas, necessita de homens e mulheres&hellip;<\/p>\n","protected":false},"featured_media":0,"comment_status":"open","ping_status":"closed","template":"","meta":[],"product_cat":[143,142],"product_tag":[],"_links":{"self":[{"href":"https:\/\/www.livrariarema.com.br\/loja\/wp-json\/wp\/v2\/product\/341568"}],"collection":[{"href":"https:\/\/www.livrariarema.com.br\/loja\/wp-json\/wp\/v2\/product"}],"about":[{"href":"https:\/\/www.livrariarema.com.br\/loja\/wp-json\/wp\/v2\/types\/product"}],"replies":[{"embeddable":true,"href":"https:\/\/www.livrariarema.com.br\/loja\/wp-json\/wp\/v2\/comments?post=341568"}],"wp:attachment":[{"href":"https:\/\/www.livrariarema.com.br\/loja\/wp-json\/wp\/v2\/media?parent=341568"}],"wp:term":[{"taxonomy":"product_cat","embeddable":true,"href":"https:\/\/www.livrariarema.com.br\/loja\/wp-json\/wp\/v2\/product_cat?post=341568"},{"taxonomy":"product_tag","embeddable":true,"href":"https:\/\/www.livrariarema.com.br\/loja\/wp-json\/wp\/v2\/product_tag?post=341568"}],"curies":[{"name":"wp","href":"https:\/\/api.w.org\/{rel}","templated":true}]}}