{"id":341637,"date":"2025-11-28T17:31:16","date_gmt":"2025-11-28T20:31:16","guid":{"rendered":"https:\/\/www.livrariarema.com.br\/loja\/produtos\/sem categoria\/quebra-cabeca-madeira-educativo\/"},"modified":"2026-01-07T09:20:34","modified_gmt":"2026-01-07T12:20:34","slug":"quebra-cabeca-madeira-educativo","status":"publish","type":"product","link":"https:\/\/www.livrariarema.com.br\/loja\/produtos\/brinquedos\/quebra-cabecas\/quebra-cabeca-madeira-educativo\/","title":{"rendered":"Quebra-Cabe\u00e7a &#8211; Madeira &#8211; Educativo"},"content":{"rendered":"<p>Divers\u00e3o que ensina! Este quebra-cabe\u00e7a de madeira foi desenvolvido especialmente para estimular a coordena\u00e7\u00e3o motora, o racioc\u00ednio l\u00f3gico e a concentra\u00e7\u00e3o das crian\u00e7as, de forma l\u00fadica e interativa. Com pe\u00e7as resistentes e coloridas, \u00e9 ideal para o aprendizado na primeira inf\u00e2ncia.<\/p>\n<p>O brinquedo tamb\u00e9m conta com selo de recomenda\u00e7\u00e3o para crian\u00e7as no espectro autista, sendo uma excelente ferramenta de apoio no desenvolvimento cognitivo e sensorial.<br \/>\nEducar brincando nunca foi t\u00e3o acess\u00edvel, inclusivo e divertido!<\/p>\n","protected":false},"excerpt":{"rendered":"<p>Divers\u00e3o que ensina! Este quebra-cabe\u00e7a de madeira foi desenvolvido especialmente para estimular a coordena\u00e7\u00e3o motora, o racioc\u00ednio l\u00f3gico e a&hellip;<\/p>\n","protected":false},"featured_media":341636,"comment_status":"open","ping_status":"closed","template":"","meta":[],"product_cat":[315,321],"product_tag":[],"_links":{"self":[{"href":"https:\/\/www.livrariarema.com.br\/loja\/wp-json\/wp\/v2\/product\/341637"}],"collection":[{"href":"https:\/\/www.livrariarema.com.br\/loja\/wp-json\/wp\/v2\/product"}],"about":[{"href":"https:\/\/www.livrariarema.com.br\/loja\/wp-json\/wp\/v2\/types\/product"}],"replies":[{"embeddable":true,"href":"https:\/\/www.livrariarema.com.br\/loja\/wp-json\/wp\/v2\/comments?post=341637"}],"wp:featuredmedia":[{"embeddable":true,"href":"https:\/\/www.livrariarema.com.br\/loja\/wp-json\/wp\/v2\/media\/341636"}],"wp:attachment":[{"href":"https:\/\/www.livrariarema.com.br\/loja\/wp-json\/wp\/v2\/media?parent=341637"}],"wp:term":[{"taxonomy":"product_cat","embeddable":true,"href":"https:\/\/www.livrariarema.com.br\/loja\/wp-json\/wp\/v2\/product_cat?post=341637"},{"taxonomy":"product_tag","embeddable":true,"href":"https:\/\/www.livrariarema.com.br\/loja\/wp-json\/wp\/v2\/product_tag?post=341637"}],"curies":[{"name":"wp","href":"https:\/\/api.w.org\/{rel}","templated":true}]}}

Quebra-Cabeça &#8211; Madeira &#8211; Educativo

<p>Diversão que ensina! Este quebra-cabeça de madeira foi desenvolvido especialmente para estimular a coordenação motora, o raciocínio lógico e a concentração das crianças, de forma lúdica e interativa. Com peças resistentes e coloridas, é ideal para o aprendizado na primeira infância.</p>
<p>O brinquedo também conta com selo de recomendação para crianças no espectro autista, sendo uma excelente ferramenta de apoio no desenvolvimento cognitivo e sensorial.<br />
Educar brincando nunca foi tão acessível, inclusivo e divertido!</p>

<p>Diversão que ensina! Este quebra-cabeça de madeira foi desenvolvido especialmente para estimular a coordenação motora, o raciocínio lógico e a&hellip;</p>
