{"id":341639,"date":"2025-11-28T17:31:34","date_gmt":"2025-11-28T20:31:34","guid":{"rendered":"https:\/\/www.livrariarema.com.br\/loja\/produtos\/sem categoria\/brinquedo-educativo-madeira-movecar\/"},"modified":"2026-02-14T09:51:05","modified_gmt":"2026-02-14T12:51:05","slug":"brinquedo-educativo-madeira-movecar","status":"publish","type":"product","link":"https:\/\/www.livrariarema.com.br\/loja\/produtos\/brinquedos\/brinquedos-educativos\/brinquedo-educativo-madeira-movecar\/","title":{"rendered":"Brinquedo Educativo &#8211; Madeira &#8211; Movecar"},"content":{"rendered":"<p>Movecar \u00e9 uma divertida e educativa linha de carros para montar feitos em madeira, perfeita para estimular o esp\u00edrito maker das crian\u00e7as! Com pe\u00e7as resistentes e f\u00e1ceis de encaixar, o brinquedo promove o desenvolvimento da coordena\u00e7\u00e3o motora fina, interpreta\u00e7\u00e3o de instru\u00e7\u00f5es, criatividade e racioc\u00ednio l\u00f3gico. Ao montar seus pr\u00f3prios carrinhos, os pequenos exercitam a autonomia, aprendem sobre montagem e desmontagem e ainda se divertem criando diferentes combina\u00e7\u00f5es. Ideal para crian\u00e7as curiosas que adoram desafios e constru\u00e7\u00e3o!<\/p>\n<p>* Verificar a disponibilidade do modelo em estoque<br \/>\n* Vendido individualmente<\/p>\n","protected":false},"excerpt":{"rendered":"<p>Movecar \u00e9 uma divertida e educativa linha de carros para montar feitos em madeira, perfeita para estimular o esp\u00edrito maker&hellip;<\/p>\n","protected":false},"featured_media":341638,"comment_status":"open","ping_status":"closed","template":"","meta":[],"product_cat":[315,319],"product_tag":[],"_links":{"self":[{"href":"https:\/\/www.livrariarema.com.br\/loja\/wp-json\/wp\/v2\/product\/341639"}],"collection":[{"href":"https:\/\/www.livrariarema.com.br\/loja\/wp-json\/wp\/v2\/product"}],"about":[{"href":"https:\/\/www.livrariarema.com.br\/loja\/wp-json\/wp\/v2\/types\/product"}],"replies":[{"embeddable":true,"href":"https:\/\/www.livrariarema.com.br\/loja\/wp-json\/wp\/v2\/comments?post=341639"}],"wp:featuredmedia":[{"embeddable":true,"href":"https:\/\/www.livrariarema.com.br\/loja\/wp-json\/wp\/v2\/media\/341638"}],"wp:attachment":[{"href":"https:\/\/www.livrariarema.com.br\/loja\/wp-json\/wp\/v2\/media?parent=341639"}],"wp:term":[{"taxonomy":"product_cat","embeddable":true,"href":"https:\/\/www.livrariarema.com.br\/loja\/wp-json\/wp\/v2\/product_cat?post=341639"},{"taxonomy":"product_tag","embeddable":true,"href":"https:\/\/www.livrariarema.com.br\/loja\/wp-json\/wp\/v2\/product_tag?post=341639"}],"curies":[{"name":"wp","href":"https:\/\/api.w.org\/{rel}","templated":true}]}}