{"id":341671,"date":"2025-11-28T17:33:47","date_gmt":"2025-11-28T20:33:47","guid":{"rendered":"https:\/\/www.livrariarema.com.br\/loja\/produtos\/sem categoria\/brinquedo-educativo-madeira-tabuleiro\/"},"modified":"2025-11-28T17:33:49","modified_gmt":"2025-11-28T20:33:49","slug":"brinquedo-educativo-madeira-tabuleiro","status":"publish","type":"product","link":"https:\/\/www.livrariarema.com.br\/loja\/produtos\/brinquedos\/brinquedos-educativos\/brinquedo-educativo-madeira-tabuleiro\/","title":{"rendered":"Brinquedo Educativo &#8211; Madeira &#8211; Tabuleiro"},"content":{"rendered":"<p>O Tabuleiro \u00e9 um brinquedo educativo que estimula a aprendizagem, o racioc\u00ednio l\u00f3gico, a coordena\u00e7\u00e3o motora e a interpreta\u00e7\u00e3o das crian\u00e7as. Com travas feitas de metal seguro, que n\u00e3o enferrujam facilmente e podem ser polidas ao longo do tempo, o tabuleiro proporciona n\u00e3o apenas jogos de desbloqueio, mas tamb\u00e9m permite que as crian\u00e7as aprendam a correspond\u00eancia de padr\u00f5es. Com elementos como rel\u00f3gio, formas geom\u00e9tricas, fechaduras e dias da semana em ingl\u00eas, o Tabuleiro oferece uma experi\u00eancia educativa e divertida para as crian\u00e7as.<\/p>\n","protected":false},"excerpt":{"rendered":"<p>O Tabuleiro \u00e9 um brinquedo educativo que estimula a aprendizagem, o racioc\u00ednio l\u00f3gico, a coordena\u00e7\u00e3o motora e a interpreta\u00e7\u00e3o das&hellip;<\/p>\n","protected":false},"featured_media":341670,"comment_status":"open","ping_status":"closed","template":"","meta":[],"product_cat":[315,319],"product_tag":[],"_links":{"self":[{"href":"https:\/\/www.livrariarema.com.br\/loja\/wp-json\/wp\/v2\/product\/341671"}],"collection":[{"href":"https:\/\/www.livrariarema.com.br\/loja\/wp-json\/wp\/v2\/product"}],"about":[{"href":"https:\/\/www.livrariarema.com.br\/loja\/wp-json\/wp\/v2\/types\/product"}],"replies":[{"embeddable":true,"href":"https:\/\/www.livrariarema.com.br\/loja\/wp-json\/wp\/v2\/comments?post=341671"}],"wp:featuredmedia":[{"embeddable":true,"href":"https:\/\/www.livrariarema.com.br\/loja\/wp-json\/wp\/v2\/media\/341670"}],"wp:attachment":[{"href":"https:\/\/www.livrariarema.com.br\/loja\/wp-json\/wp\/v2\/media?parent=341671"}],"wp:term":[{"taxonomy":"product_cat","embeddable":true,"href":"https:\/\/www.livrariarema.com.br\/loja\/wp-json\/wp\/v2\/product_cat?post=341671"},{"taxonomy":"product_tag","embeddable":true,"href":"https:\/\/www.livrariarema.com.br\/loja\/wp-json\/wp\/v2\/product_tag?post=341671"}],"curies":[{"name":"wp","href":"https:\/\/api.w.org\/{rel}","templated":true}]}}