{"id":341673,"date":"2025-11-28T17:33:53","date_gmt":"2025-11-28T20:33:53","guid":{"rendered":"https:\/\/www.livrariarema.com.br\/loja\/produtos\/sem categoria\/brinquedo-educativo-madeira-crie-e-monte\/"},"modified":"2025-12-05T18:40:45","modified_gmt":"2025-12-05T21:40:45","slug":"brinquedo-educativo-madeira-crie-e-monte","status":"publish","type":"product","link":"https:\/\/www.livrariarema.com.br\/loja\/produtos\/brinquedos\/brinquedos-educativos\/brinquedo-educativo-madeira-crie-e-monte\/","title":{"rendered":"Brinquedo Educativo &#8211; Madeira &#8211; Crie E Monte"},"content":{"rendered":"<p>O Crie e Monte \u00e9 um conjunto de blocos que estimula o racioc\u00ednio l\u00f3gico, coordena\u00e7\u00e3o motora e criatividade das crian\u00e7as. Composto por 20 blocos de madeira, este brinquedo permite que a crian\u00e7a construa torres e estruturas de diferentes formas e tamanhos, promovendo o desenvolvimento cognitivo e habilidades motoras. Os blocos s\u00e3o feitos de madeira com superf\u00edcie lisa e bordas arredondadas, garantindo seguran\u00e7a durante a brincadeira. Al\u00e9m disso, o conjunto inclui um carrinho de madeira para ampliar as possibilidades de divers\u00e3o.<\/p>\n","protected":false},"excerpt":{"rendered":"<p>O Crie e Monte \u00e9 um conjunto de blocos que estimula o racioc\u00ednio l\u00f3gico, coordena\u00e7\u00e3o motora e criatividade das crian\u00e7as.&hellip;<\/p>\n","protected":false},"featured_media":341672,"comment_status":"open","ping_status":"closed","template":"","meta":[],"product_cat":[315,319],"product_tag":[],"_links":{"self":[{"href":"https:\/\/www.livrariarema.com.br\/loja\/wp-json\/wp\/v2\/product\/341673"}],"collection":[{"href":"https:\/\/www.livrariarema.com.br\/loja\/wp-json\/wp\/v2\/product"}],"about":[{"href":"https:\/\/www.livrariarema.com.br\/loja\/wp-json\/wp\/v2\/types\/product"}],"replies":[{"embeddable":true,"href":"https:\/\/www.livrariarema.com.br\/loja\/wp-json\/wp\/v2\/comments?post=341673"}],"wp:featuredmedia":[{"embeddable":true,"href":"https:\/\/www.livrariarema.com.br\/loja\/wp-json\/wp\/v2\/media\/341672"}],"wp:attachment":[{"href":"https:\/\/www.livrariarema.com.br\/loja\/wp-json\/wp\/v2\/media?parent=341673"}],"wp:term":[{"taxonomy":"product_cat","embeddable":true,"href":"https:\/\/www.livrariarema.com.br\/loja\/wp-json\/wp\/v2\/product_cat?post=341673"},{"taxonomy":"product_tag","embeddable":true,"href":"https:\/\/www.livrariarema.com.br\/loja\/wp-json\/wp\/v2\/product_tag?post=341673"}],"curies":[{"name":"wp","href":"https:\/\/api.w.org\/{rel}","templated":true}]}}