{"id":341700,"date":"2025-12-02T10:09:12","date_gmt":"2025-12-02T13:09:12","guid":{"rendered":"https:\/\/www.livrariarema.com.br\/loja\/produtos\/sem categoria\/pente-creme-moda-e-beleza-join-kids-livro-infantil-bilingue\/"},"modified":"2026-03-27T14:40:45","modified_gmt":"2026-03-27T17:40:45","slug":"pente-creme-moda-e-beleza-join-kids-livro-infantil-bilingue","status":"publish","type":"product","link":"https:\/\/www.livrariarema.com.br\/loja\/produtos\/livros\/infantil\/pente-creme-moda-e-beleza-join-kids-livro-infantil-bilingue\/","title":{"rendered":"Pente, Creme, Moda E Beleza! &#8211; Join Kids &#8211; Livro Infantil Bilingue"},"content":{"rendered":"<p>Ester: Pente, Creme, Moda e Beleza!<\/p>\n<p>A hist\u00f3ria de Ester conta como Deus a usou para salvar seu povo! Com um baita tratamento de beleza ela se preparou para ser escolhida pelo rei. Foi corajosa, jejuou e orou para mudar a hist\u00f3ria. Ainda assim, n\u00e3o se deixou levar pela sua beleza. Mas mostrou que um cora\u00e7\u00e3o segundo Deus \u00e9 a verdadeira riqueza! <\/p>\n","protected":false},"excerpt":{"rendered":"<p>Ester: Pente, Creme, Moda e Beleza! A hist\u00f3ria de Ester conta como Deus a usou para salvar seu povo! Com&hellip;<\/p>\n","protected":false},"featured_media":341699,"comment_status":"open","ping_status":"closed","template":"","meta":[],"product_cat":[144,134],"product_tag":[],"_links":{"self":[{"href":"https:\/\/www.livrariarema.com.br\/loja\/wp-json\/wp\/v2\/product\/341700"}],"collection":[{"href":"https:\/\/www.livrariarema.com.br\/loja\/wp-json\/wp\/v2\/product"}],"about":[{"href":"https:\/\/www.livrariarema.com.br\/loja\/wp-json\/wp\/v2\/types\/product"}],"replies":[{"embeddable":true,"href":"https:\/\/www.livrariarema.com.br\/loja\/wp-json\/wp\/v2\/comments?post=341700"}],"wp:featuredmedia":[{"embeddable":true,"href":"https:\/\/www.livrariarema.com.br\/loja\/wp-json\/wp\/v2\/media\/341699"}],"wp:attachment":[{"href":"https:\/\/www.livrariarema.com.br\/loja\/wp-json\/wp\/v2\/media?parent=341700"}],"wp:term":[{"taxonomy":"product_cat","embeddable":true,"href":"https:\/\/www.livrariarema.com.br\/loja\/wp-json\/wp\/v2\/product_cat?post=341700"},{"taxonomy":"product_tag","embeddable":true,"href":"https:\/\/www.livrariarema.com.br\/loja\/wp-json\/wp\/v2\/product_tag?post=341700"}],"curies":[{"name":"wp","href":"https:\/\/api.w.org\/{rel}","templated":true}]}}