{"id":341702,"date":"2025-12-02T10:09:18","date_gmt":"2025-12-02T13:09:18","guid":{"rendered":"https:\/\/www.livrariarema.com.br\/loja\/produtos\/sem categoria\/mee-mee-mee-davi-join-kids-historia-biblica-bilingue\/"},"modified":"2026-02-25T14:31:44","modified_gmt":"2026-02-25T17:31:44","slug":"mee-mee-mee-davi-join-kids-historia-biblica-bilingue","status":"publish","type":"product","link":"https:\/\/www.livrariarema.com.br\/loja\/produtos\/livros\/infantil\/mee-mee-mee-davi-join-kids-historia-biblica-bilingue\/","title":{"rendered":"M\u00e9e, M\u00e9e, M\u00e9e &#8211; Davi &#8211; Join Kids &#8211; Hist\u00f3ria B\u00edblica Bil\u00edngue"},"content":{"rendered":"<p>Quando os desafios aparecem, ser\u00e1 que nossa confian\u00e7a em Deus fortalece ou se enfraquece? Vamos conhecer Davi e suas ovelhinhas em uma jornada de f\u00e9 e coragem, mesmo quando as pedras e obst\u00e1culos aparecem em seu caminho, ele segue orando e preservando o seu cora\u00e7\u00e3o \u00edntegro diante do Senhor. Esta \u00e9 uma hist\u00f3ria bil\u00edngue, que al\u00e9m de inspirar a f\u00e9, ajuda as crian\u00e7as a aprenderem uma nova l\u00edngua enquanto descobrem o poder da ora\u00e7\u00e3o antes que as adversidades cheguem e a promessa se cumpra. Vamos caminhar com f\u00e9?<\/p>\n<p>A hist\u00f3ria M\u00e9e, M\u00e9e, M\u00e9e &#8211; Vamos Caminhar com F\u00e9, conta a hist\u00f3ria de Davi de forma l\u00fadica e criativa. Ao adquirir este livro, voc\u00ea ganha 6 meses de acesso gratuito \u00e0 plataforma crist\u00e3 Join Kids, ambiente digital de idiomas, onde crian\u00e7as s\u00e3o alfabetizadas, por meio de textos b\u00edblicos e outros conte\u00fados, podem se divertir e aprender uma nova l\u00edngua.<\/p>\n","protected":false},"excerpt":{"rendered":"<p>Quando os desafios aparecem, ser\u00e1 que nossa confian\u00e7a em Deus fortalece ou se enfraquece? Vamos conhecer Davi e suas ovelhinhas&hellip;<\/p>\n","protected":false},"featured_media":341701,"comment_status":"open","ping_status":"closed","template":"","meta":[],"product_cat":[144,134],"product_tag":[],"_links":{"self":[{"href":"https:\/\/www.livrariarema.com.br\/loja\/wp-json\/wp\/v2\/product\/341702"}],"collection":[{"href":"https:\/\/www.livrariarema.com.br\/loja\/wp-json\/wp\/v2\/product"}],"about":[{"href":"https:\/\/www.livrariarema.com.br\/loja\/wp-json\/wp\/v2\/types\/product"}],"replies":[{"embeddable":true,"href":"https:\/\/www.livrariarema.com.br\/loja\/wp-json\/wp\/v2\/comments?post=341702"}],"wp:featuredmedia":[{"embeddable":true,"href":"https:\/\/www.livrariarema.com.br\/loja\/wp-json\/wp\/v2\/media\/341701"}],"wp:attachment":[{"href":"https:\/\/www.livrariarema.com.br\/loja\/wp-json\/wp\/v2\/media?parent=341702"}],"wp:term":[{"taxonomy":"product_cat","embeddable":true,"href":"https:\/\/www.livrariarema.com.br\/loja\/wp-json\/wp\/v2\/product_cat?post=341702"},{"taxonomy":"product_tag","embeddable":true,"href":"https:\/\/www.livrariarema.com.br\/loja\/wp-json\/wp\/v2\/product_tag?post=341702"}],"curies":[{"name":"wp","href":"https:\/\/api.w.org\/{rel}","templated":true}]}}