{"id":341800,"date":"2025-12-02T10:32:01","date_gmt":"2025-12-02T13:32:01","guid":{"rendered":"https:\/\/www.livrariarema.com.br\/loja\/produtos\/sem categoria\/aconselhamento-biblico-para-todos-franck-neuwirth\/"},"modified":"2026-02-23T11:00:37","modified_gmt":"2026-02-23T14:00:37","slug":"aconselhamento-biblico-para-todos-franck-neuwirth","status":"publish","type":"product","link":"https:\/\/www.livrariarema.com.br\/loja\/produtos\/livros\/vida-crista\/aconselhamento-biblico-para-todos-franck-neuwirth\/","title":{"rendered":"Aconselhamento B\u00edblico Para Todos &#8211; Franck Neuwirth"},"content":{"rendered":"<p>Sua igreja pode ser o primeiro lugar em que as pessoas buscam esperan\u00e7a<\/p>\n<p>Muitos crist\u00e3os buscam ajuda, mas encontram apenas teorias distantes, enquanto a igreja nem sempre se v\u00ea preparada para o minist\u00e9rio de cuidado.<br \/>\nEm Aconselhamento b\u00edblico para todos, Franck Neuwirth resgata o papel da igreja como o principal ambiente de cuidado, oferecendo um caminho fundamentado na sufici\u00eancia das Escrituras para uma transforma\u00e7\u00e3o genu\u00edna. Fruto de anos de minist\u00e9rio pastoral e de seu doutorado, voc\u00ea encontrar\u00e1 neste livro:<\/p>\n<p>o m\u00e9todo metanoia, uma proposta de aconselhamento b\u00edblico, did\u00e1tica e pr\u00e1tica;<br \/>\nferramentas para capacitar conselheiros leigos e integrar o aconselhamento \u00e0 vida da igreja;<br \/>\ndiretrizes para os desafios do contexto atual, incluindo o di\u00e1logo com a psicologia e a psiquiatria;<br \/>\ndicas para lidar com quest\u00f5es mais comuns, como relacionamento conjugal, cria\u00e7\u00e3o de filhos, depress\u00e3o, v\u00edcios e sexualidade.<\/p>\n<p>Este guia pr\u00e1tico demonstra a sufici\u00eancia da Palavra de Deus para diagnosticar e curar a alma, capacitando os membros da igreja local para o minist\u00e9rio de cuidado m\u00fatuo. Prepare-se para praticar um aconselhamento que honra a Deus e edifica vidas. Voc\u00ea pode ser um conselheiro!<\/p>\n","protected":false},"excerpt":{"rendered":"<p>Sua igreja pode ser o primeiro lugar em que as pessoas buscam esperan\u00e7a Muitos crist\u00e3os buscam ajuda, mas encontram apenas&hellip;<\/p>\n","protected":false},"featured_media":344902,"comment_status":"open","ping_status":"closed","template":"","meta":[],"product_cat":[134,137],"product_tag":[],"_links":{"self":[{"href":"https:\/\/www.livrariarema.com.br\/loja\/wp-json\/wp\/v2\/product\/341800"}],"collection":[{"href":"https:\/\/www.livrariarema.com.br\/loja\/wp-json\/wp\/v2\/product"}],"about":[{"href":"https:\/\/www.livrariarema.com.br\/loja\/wp-json\/wp\/v2\/types\/product"}],"replies":[{"embeddable":true,"href":"https:\/\/www.livrariarema.com.br\/loja\/wp-json\/wp\/v2\/comments?post=341800"}],"wp:featuredmedia":[{"embeddable":true,"href":"https:\/\/www.livrariarema.com.br\/loja\/wp-json\/wp\/v2\/media\/344902"}],"wp:attachment":[{"href":"https:\/\/www.livrariarema.com.br\/loja\/wp-json\/wp\/v2\/media?parent=341800"}],"wp:term":[{"taxonomy":"product_cat","embeddable":true,"href":"https:\/\/www.livrariarema.com.br\/loja\/wp-json\/wp\/v2\/product_cat?post=341800"},{"taxonomy":"product_tag","embeddable":true,"href":"https:\/\/www.livrariarema.com.br\/loja\/wp-json\/wp\/v2\/product_tag?post=341800"}],"curies":[{"name":"wp","href":"https:\/\/api.w.org\/{rel}","templated":true}]}}