{"id":341802,"date":"2025-12-02T10:32:08","date_gmt":"2025-12-02T13:32:08","guid":{"rendered":"https:\/\/www.livrariarema.com.br\/loja\/produtos\/sem%20categoria\/novo-testamento-grego-o-edicao-de-leitura\/"},"modified":"2026-02-20T13:27:40","modified_gmt":"2026-02-20T16:27:40","slug":"novo-testamento-grego-o-edicao-de-leitura","status":"publish","type":"product","link":"https:\/\/www.livrariarema.com.br\/loja\/produtos\/biblias\/outros-idiomas\/novo-testamento-grego-o-edicao-de-leitura\/","title":{"rendered":"Novo Testamento Grego, O: Edi\u00e7\u00e3o De Leitura"},"content":{"rendered":"<p>&#8220;Um recurso maravilhoso e \u00fatil, que traz economia de tempo para todo pastor e estudante da B\u00edblia que leva o texto a s\u00e9rio.&#8221;<br \/>\n&#8211; Rick Warren, Pastor da Igreja Saddleback<\/p>\n<p>Esta edi\u00e7\u00e3o de leitura do Novo Testamento em grego combina O Novo Testamento Grego, produzido em Tyndale House, Cambridge, com a an\u00e1lise morfol\u00f3gica e equivalentes de tradu\u00e7\u00e3o de todas as palavras que ocorrem menos de 25 vezes no texto grego.<\/p>\n<p>Quem tem um conhecimento limitado de grego pode ler o texto grego com fluidez, sem precisar recorrer constantemente a outras fontes de refer\u00eancia. Isso permite acelerar sua familiaridade com o texto grego e tornar mais proveitoso e agrad\u00e1vel seu tempo de leitura da pr\u00f3pria Palavra de Deus.<\/p>\n","protected":false},"excerpt":{"rendered":"<p>&#8220;Um recurso maravilhoso e \u00fatil, que traz economia de tempo para todo pastor e estudante da B\u00edblia que leva o&hellip;<\/p>\n","protected":false},"featured_media":345050,"comment_status":"open","ping_status":"closed","template":"","meta":[],"product_cat":[139,141],"product_tag":[],"_links":{"self":[{"href":"https:\/\/www.livrariarema.com.br\/loja\/wp-json\/wp\/v2\/product\/341802"}],"collection":[{"href":"https:\/\/www.livrariarema.com.br\/loja\/wp-json\/wp\/v2\/product"}],"about":[{"href":"https:\/\/www.livrariarema.com.br\/loja\/wp-json\/wp\/v2\/types\/product"}],"replies":[{"embeddable":true,"href":"https:\/\/www.livrariarema.com.br\/loja\/wp-json\/wp\/v2\/comments?post=341802"}],"wp:featuredmedia":[{"embeddable":true,"href":"https:\/\/www.livrariarema.com.br\/loja\/wp-json\/wp\/v2\/media\/345050"}],"wp:attachment":[{"href":"https:\/\/www.livrariarema.com.br\/loja\/wp-json\/wp\/v2\/media?parent=341802"}],"wp:term":[{"taxonomy":"product_cat","embeddable":true,"href":"https:\/\/www.livrariarema.com.br\/loja\/wp-json\/wp\/v2\/product_cat?post=341802"},{"taxonomy":"product_tag","embeddable":true,"href":"https:\/\/www.livrariarema.com.br\/loja\/wp-json\/wp\/v2\/product_tag?post=341802"}],"curies":[{"name":"wp","href":"https:\/\/api.w.org\/{rel}","templated":true}]}}