{"id":341838,"date":"2025-12-02T12:36:56","date_gmt":"2025-12-02T15:36:56","guid":{"rendered":"https:\/\/www.livrariarema.com.br\/loja\/produtos\/sem categoria\/brinquedo-educativo-madeira-brincando-com-as-silabas\/"},"modified":"2026-01-22T10:30:35","modified_gmt":"2026-01-22T13:30:35","slug":"brinquedo-educativo-madeira-brincando-com-as-silabas","status":"publish","type":"product","link":"https:\/\/www.livrariarema.com.br\/loja\/produtos\/brinquedos\/brinquedos-educativos\/brinquedo-educativo-madeira-brincando-com-as-silabas\/","title":{"rendered":"Brinquedo Educativo &#8211; Madeira &#8211; Brincando Com As S\u00edlabas"},"content":{"rendered":"<p>Estimula o aprendizado da leitura e divis\u00e3o sil\u00e1bica, atrav\u00e9s da associa\u00e7\u00e3o de s\u00edlabas, formando in\u00fameras palavras.<\/p>\n<p>Detalhes:<br \/>\n&#8211; Pe\u00e7as: 130<br \/>\n&#8211; Material: madeira<br \/>\n&#8211; Faixa et\u00e1ria: +5 Anos<\/p>\n","protected":false},"excerpt":{"rendered":"<p>Estimula o aprendizado da leitura e divis\u00e3o sil\u00e1bica, atrav\u00e9s da associa\u00e7\u00e3o de s\u00edlabas, formando in\u00fameras palavras. Detalhes: &#8211; Pe\u00e7as: 130&hellip;<\/p>\n","protected":false},"featured_media":341836,"comment_status":"open","ping_status":"closed","template":"","meta":[],"product_cat":[315,319],"product_tag":[],"_links":{"self":[{"href":"https:\/\/www.livrariarema.com.br\/loja\/wp-json\/wp\/v2\/product\/341838"}],"collection":[{"href":"https:\/\/www.livrariarema.com.br\/loja\/wp-json\/wp\/v2\/product"}],"about":[{"href":"https:\/\/www.livrariarema.com.br\/loja\/wp-json\/wp\/v2\/types\/product"}],"replies":[{"embeddable":true,"href":"https:\/\/www.livrariarema.com.br\/loja\/wp-json\/wp\/v2\/comments?post=341838"}],"wp:featuredmedia":[{"embeddable":true,"href":"https:\/\/www.livrariarema.com.br\/loja\/wp-json\/wp\/v2\/media\/341836"}],"wp:attachment":[{"href":"https:\/\/www.livrariarema.com.br\/loja\/wp-json\/wp\/v2\/media?parent=341838"}],"wp:term":[{"taxonomy":"product_cat","embeddable":true,"href":"https:\/\/www.livrariarema.com.br\/loja\/wp-json\/wp\/v2\/product_cat?post=341838"},{"taxonomy":"product_tag","embeddable":true,"href":"https:\/\/www.livrariarema.com.br\/loja\/wp-json\/wp\/v2\/product_tag?post=341838"}],"curies":[{"name":"wp","href":"https:\/\/api.w.org\/{rel}","templated":true}]}}