{"id":341840,"date":"2025-12-02T12:37:01","date_gmt":"2025-12-02T15:37:01","guid":{"rendered":"https:\/\/www.livrariarema.com.br\/loja\/produtos\/sem categoria\/brinquedo-educativo-madeira-alfabeto-animado\/"},"modified":"2025-12-18T18:30:40","modified_gmt":"2025-12-18T21:30:40","slug":"brinquedo-educativo-madeira-alfabeto-animado","status":"publish","type":"product","link":"https:\/\/www.livrariarema.com.br\/loja\/produtos\/brinquedos\/brinquedos-educativos\/brinquedo-educativo-madeira-alfabeto-animado\/","title":{"rendered":"Brinquedo Educativo &#8211; Madeira &#8211; Alfabeto Animado"},"content":{"rendered":"<p>Idade: + 5 Anos<br \/>\nMaterial: Madeira<br \/>\nPe\u00e7as: 79<br \/>\nEstimula a alfabetiza\u00e7\u00e3o, o desenvolvimento motor, a associa\u00e7\u00e3o de ideias e o racioc\u00ednio l\u00f3gico.<\/p>\n","protected":false},"excerpt":{"rendered":"<p>Idade: + 5 Anos Material: Madeira Pe\u00e7as: 79 Estimula a alfabetiza\u00e7\u00e3o, o desenvolvimento motor, a associa\u00e7\u00e3o de ideias e o&hellip;<\/p>\n","protected":false},"featured_media":341839,"comment_status":"open","ping_status":"closed","template":"","meta":[],"product_cat":[315,319],"product_tag":[],"_links":{"self":[{"href":"https:\/\/www.livrariarema.com.br\/loja\/wp-json\/wp\/v2\/product\/341840"}],"collection":[{"href":"https:\/\/www.livrariarema.com.br\/loja\/wp-json\/wp\/v2\/product"}],"about":[{"href":"https:\/\/www.livrariarema.com.br\/loja\/wp-json\/wp\/v2\/types\/product"}],"replies":[{"embeddable":true,"href":"https:\/\/www.livrariarema.com.br\/loja\/wp-json\/wp\/v2\/comments?post=341840"}],"wp:featuredmedia":[{"embeddable":true,"href":"https:\/\/www.livrariarema.com.br\/loja\/wp-json\/wp\/v2\/media\/341839"}],"wp:attachment":[{"href":"https:\/\/www.livrariarema.com.br\/loja\/wp-json\/wp\/v2\/media?parent=341840"}],"wp:term":[{"taxonomy":"product_cat","embeddable":true,"href":"https:\/\/www.livrariarema.com.br\/loja\/wp-json\/wp\/v2\/product_cat?post=341840"},{"taxonomy":"product_tag","embeddable":true,"href":"https:\/\/www.livrariarema.com.br\/loja\/wp-json\/wp\/v2\/product_tag?post=341840"}],"curies":[{"name":"wp","href":"https:\/\/api.w.org\/{rel}","templated":true}]}}

<p>Idade: + 5 Anos<br />
Material: Madeira<br />
Peças: 79<br />
Estimula a alfabetização, o desenvolvimento motor, a associação de ideias e o raciocínio lógico.</p>

<p>Idade: + 5 Anos Material: Madeira Peças: 79 Estimula a alfabetização, o desenvolvimento motor, a associação de ideias e o&hellip;</p>
