{"id":341851,"date":"2025-12-02T12:38:04","date_gmt":"2025-12-02T15:38:04","guid":{"rendered":"https:\/\/www.livrariarema.com.br\/loja\/produtos\/sem categoria\/quebra-cabeca-3d-avioes\/"},"modified":"2025-12-19T17:41:30","modified_gmt":"2025-12-19T20:41:30","slug":"quebra-cabeca-3d-avioes","status":"publish","type":"product","link":"https:\/\/www.livrariarema.com.br\/loja\/produtos\/diversos\/jogos\/quebra-cabeca-3d-avioes\/","title":{"rendered":"Quebra-Cabe\u00e7a 3D &#8211; Avi\u00f5es"},"content":{"rendered":"<p>Quebra-cabe\u00e7a 3D \u00e9 um brinquedo educativo, que estimula o racioc\u00edno e a coordena\u00e7\u00e3o motora. Feito em MDF, possui encaixes precisos que proporcionam uma montagem simples e divertida.<\/p>\n<p>Modelos:<\/p>\n<p>Triplano (29 pe\u00e7as)<br \/>\nHelic\u00f3ptero (18 pe\u00e7as) <br \/>\nCessna 172 (15 pe\u00e7as) <br \/>\nBiplano (18 Pe\u00e7as) <\/p>\n","protected":false},"excerpt":{"rendered":"<p>Quebra-cabe\u00e7a 3D \u00e9 um brinquedo educativo, que estimula o racioc\u00edno e a coordena\u00e7\u00e3o motora. Feito em MDF, possui encaixes precisos&hellip;<\/p>\n","protected":false},"featured_media":341847,"comment_status":"open","ping_status":"closed","template":"","meta":[],"product_cat":[132,222],"product_tag":[],"_links":{"self":[{"href":"https:\/\/www.livrariarema.com.br\/loja\/wp-json\/wp\/v2\/product\/341851"}],"collection":[{"href":"https:\/\/www.livrariarema.com.br\/loja\/wp-json\/wp\/v2\/product"}],"about":[{"href":"https:\/\/www.livrariarema.com.br\/loja\/wp-json\/wp\/v2\/types\/product"}],"replies":[{"embeddable":true,"href":"https:\/\/www.livrariarema.com.br\/loja\/wp-json\/wp\/v2\/comments?post=341851"}],"wp:featuredmedia":[{"embeddable":true,"href":"https:\/\/www.livrariarema.com.br\/loja\/wp-json\/wp\/v2\/media\/341847"}],"wp:attachment":[{"href":"https:\/\/www.livrariarema.com.br\/loja\/wp-json\/wp\/v2\/media?parent=341851"}],"wp:term":[{"taxonomy":"product_cat","embeddable":true,"href":"https:\/\/www.livrariarema.com.br\/loja\/wp-json\/wp\/v2\/product_cat?post=341851"},{"taxonomy":"product_tag","embeddable":true,"href":"https:\/\/www.livrariarema.com.br\/loja\/wp-json\/wp\/v2\/product_tag?post=341851"}],"curies":[{"name":"wp","href":"https:\/\/api.w.org\/{rel}","templated":true}]}}