{"id":341858,"date":"2025-12-02T12:38:23","date_gmt":"2025-12-02T15:38:23","guid":{"rendered":"https:\/\/www.livrariarema.com.br\/loja\/produtos\/sem categoria\/quebra-cabeca-3d-presepio\/"},"modified":"2026-02-25T14:36:03","modified_gmt":"2026-02-25T17:36:03","slug":"quebra-cabeca-3d-presepio","status":"publish","type":"product","link":"https:\/\/www.livrariarema.com.br\/loja\/produtos\/diversos\/jogos\/quebra-cabeca-3d-presepio\/","title":{"rendered":"Quebra-Cabe\u00e7a 3D &#8211; Pres\u00e9pio"},"content":{"rendered":"<p>O Pres\u00e9pio em 3D em madeira (MDF) garante divers\u00e3o para as crian\u00e7as e ajuda a conhecer o verdadeiro significado do Natal, al\u00e9m de decorar sua casa de forma bonita e criativa.<\/p>\n","protected":false},"excerpt":{"rendered":"<p>O Pres\u00e9pio em 3D em madeira (MDF) garante divers\u00e3o para as crian\u00e7as e ajuda a conhecer o verdadeiro significado do&hellip;<\/p>\n","protected":false},"featured_media":341856,"comment_status":"open","ping_status":"closed","template":"","meta":[],"product_cat":[132,222],"product_tag":[],"_links":{"self":[{"href":"https:\/\/www.livrariarema.com.br\/loja\/wp-json\/wp\/v2\/product\/341858"}],"collection":[{"href":"https:\/\/www.livrariarema.com.br\/loja\/wp-json\/wp\/v2\/product"}],"about":[{"href":"https:\/\/www.livrariarema.com.br\/loja\/wp-json\/wp\/v2\/types\/product"}],"replies":[{"embeddable":true,"href":"https:\/\/www.livrariarema.com.br\/loja\/wp-json\/wp\/v2\/comments?post=341858"}],"wp:featuredmedia":[{"embeddable":true,"href":"https:\/\/www.livrariarema.com.br\/loja\/wp-json\/wp\/v2\/media\/341856"}],"wp:attachment":[{"href":"https:\/\/www.livrariarema.com.br\/loja\/wp-json\/wp\/v2\/media?parent=341858"}],"wp:term":[{"taxonomy":"product_cat","embeddable":true,"href":"https:\/\/www.livrariarema.com.br\/loja\/wp-json\/wp\/v2\/product_cat?post=341858"},{"taxonomy":"product_tag","embeddable":true,"href":"https:\/\/www.livrariarema.com.br\/loja\/wp-json\/wp\/v2\/product_tag?post=341858"}],"curies":[{"name":"wp","href":"https:\/\/api.w.org\/{rel}","templated":true}]}}