{"id":341882,"date":"2025-12-02T12:42:08","date_gmt":"2025-12-02T15:42:08","guid":{"rendered":"https:\/\/www.livrariarema.com.br\/loja\/produtos\/sem categoria\/tem-leoes-neste-livro-dandi-daley-mackall\/"},"modified":"2026-04-09T13:20:50","modified_gmt":"2026-04-09T16:20:50","slug":"tem-leoes-neste-livro-dandi-daley-mackall","status":"publish","type":"product","link":"https:\/\/www.livrariarema.com.br\/loja\/produtos\/livros\/infantil\/tem-leoes-neste-livro-dandi-daley-mackall\/","title":{"rendered":"Tem Le\u00f5es Neste Livro! &#8211; Dandi Daley Mackall"},"content":{"rendered":"<p>Chamando todas as crian\u00e7as corajosas!<\/p>\n<p>Nesta releitura interativa da hist\u00f3ria de Daniel na cova dos le\u00f5es, um ratinho simp\u00e1tico (e muito medroso) tenta avisar:<br \/>\n-Nem pense em continuar a leitura! Voc\u00ea n\u00e3o tem medo de le\u00f5es?<br \/>\nA cada virada de p\u00e1gina, o leitor \u00e9 desafiado: Ser\u00e1 que tenho mais coragem que esse ratinho assustado? Ser\u00e1 que consigo enfrentar a cova como Daniel enfrentou? Uma forma divertida e surpreendente de apresentar uma hist\u00f3ria b\u00edblica cl\u00e1ssica, este livro cartonado apresenta verdades sobre a obedi\u00eancia de Daniel com humor, suspense e emo\u00e7\u00e3o. Os pequenos v\u00e3o entender melhor sobre a fidelidade de Deus e descobrir que tamb\u00e9m podem confiar nele.<\/p>\n","protected":false},"excerpt":{"rendered":"<p>Chamando todas as crian\u00e7as corajosas! Nesta releitura interativa da hist\u00f3ria de Daniel na cova dos le\u00f5es, um ratinho simp\u00e1tico (e&hellip;<\/p>\n","protected":false},"featured_media":341991,"comment_status":"open","ping_status":"closed","template":"","meta":[],"product_cat":[144,134],"product_tag":[],"_links":{"self":[{"href":"https:\/\/www.livrariarema.com.br\/loja\/wp-json\/wp\/v2\/product\/341882"}],"collection":[{"href":"https:\/\/www.livrariarema.com.br\/loja\/wp-json\/wp\/v2\/product"}],"about":[{"href":"https:\/\/www.livrariarema.com.br\/loja\/wp-json\/wp\/v2\/types\/product"}],"replies":[{"embeddable":true,"href":"https:\/\/www.livrariarema.com.br\/loja\/wp-json\/wp\/v2\/comments?post=341882"}],"wp:featuredmedia":[{"embeddable":true,"href":"https:\/\/www.livrariarema.com.br\/loja\/wp-json\/wp\/v2\/media\/341991"}],"wp:attachment":[{"href":"https:\/\/www.livrariarema.com.br\/loja\/wp-json\/wp\/v2\/media?parent=341882"}],"wp:term":[{"taxonomy":"product_cat","embeddable":true,"href":"https:\/\/www.livrariarema.com.br\/loja\/wp-json\/wp\/v2\/product_cat?post=341882"},{"taxonomy":"product_tag","embeddable":true,"href":"https:\/\/www.livrariarema.com.br\/loja\/wp-json\/wp\/v2\/product_tag?post=341882"}],"curies":[{"name":"wp","href":"https:\/\/api.w.org\/{rel}","templated":true}]}}